{"id":58697,"date":"2025-12-13T17:44:36","date_gmt":"2025-12-13T16:44:36","guid":{"rendered":"https:\/\/www.mapesteadoree.fr\/boutique\/?post_type=product&#038;p=58697"},"modified":"2025-12-14T11:17:02","modified_gmt":"2025-12-14T10:17:02","slug":"bijoux-de-bottines-en-quartz-rose-couleur-argent","status":"publish","type":"product","link":"https:\/\/www.mapesteadoree.fr\/boutique\/bijoux\/bijoux-de-bottines-en-quartz-rose-couleur-argent\/","title":{"rendered":"Bijoux de bottines en quartz rose &#8211; couleur argent"},"content":{"rendered":"<div class=\"flex flex-col text-sm @w-xl\/main:pt-header-height pb-25\">\n<article class=\"text-token-text-primary w-full focus:outline-none [--shadow-height:45px] has-data-writing-block:pointer-events-none has-data-writing-block:-mt-(--shadow-height) has-data-writing-block:pt-(--shadow-height) [&amp;:has([data-writing-block])&gt;*]:pointer-events-auto scroll-mt-[calc(var(--header-height)+min(200px,max(70px,20svh)))]\" dir=\"auto\" tabindex=\"-1\" data-turn-id=\"request-693bd54d-aee8-8331-ae32-ccfea42c1578-3\" data-testid=\"conversation-turn-80\" data-scroll-anchor=\"true\" data-turn=\"assistant\">\n<div class=\"text-base my-auto mx-auto pb-10 [--thread-content-margin:--spacing(4)] @w-sm\/main:[--thread-content-margin:--spacing(6)] @w-lg\/main:[--thread-content-margin:--spacing(16)] px-(--thread-content-margin)\">\n<div class=\"[--thread-content-max-width:40rem] @w-lg\/main:[--thread-content-max-width:48rem] mx-auto max-w-(--thread-content-max-width) flex-1 group\/turn-messages focus-visible:outline-hidden relative flex w-full min-w-0 flex-col agent-turn\" tabindex=\"-1\">\n<div class=\"flex max-w-full flex-col grow\">\n<div class=\"min-h-8 text-message relative flex w-full flex-col items-end gap-2 text-start break-words whitespace-normal [.text-message+&amp;]:mt-1\" dir=\"auto\" data-message-author-role=\"assistant\" data-message-id=\"3028232b-cd23-4ed7-9e13-dfb78043fc2e\" data-message-model-slug=\"gpt-5-2\">\n<div class=\"flex w-full flex-col gap-1 empty:hidden first:pt-[1px]\">\n<div class=\"markdown prose dark:prose-invert w-full break-words light markdown-new-styling\">\n<p data-start=\"114\" data-end=\"227\"><strong>Adoptez les cristaux magiques pour vos bottes &amp; bottines \u2013 compatibles avec languette arri\u00e8re type Dr. Martens<\/strong><\/p>\n<p data-start=\"229\" data-end=\"619\">Vendus par paire, les pendentifs se composent d\u2019un mousqueton circulaire en alliage plaqu\u00e9 couleur acier inox et d\u2019une pointe de quartz rose naturel. Le grand anneau mousqueton s\u2019accroche directement \u00e0 la languette arri\u00e8re de la bottine, permettant \u00e0 celle-ci de retomber naturellement vers le bas sous le poids du pendentif, tout en mettant la pierre en valeur \u00e0 l\u2019arri\u00e8re de la chaussure.<\/p>\n<h2 data-start=\"626\" data-end=\"684\">Caract\u00e9ristiques de la paire de charms pour Doc Martens<\/h2>\n<ul data-start=\"686\" data-end=\"1104\">\n<li data-start=\"686\" data-end=\"720\">\n<p data-start=\"688\" data-end=\"720\">Vendu par paire (2 pendentifs)<\/p>\n<\/li>\n<li data-start=\"721\" data-end=\"770\">\n<p data-start=\"723\" data-end=\"770\">Pierre : Quartz rose naturel, pointe facett\u00e9e<\/p>\n<\/li>\n<li data-start=\"771\" data-end=\"827\">\n<p data-start=\"773\" data-end=\"827\">Longueur du pendentif avec la pierre : environ 25 mm &#8211; pierre seule 20mm<\/p>\n<\/li>\n<li data-start=\"828\" data-end=\"912\">\n<p data-start=\"830\" data-end=\"912\">Mousqueton \u00e0 ressort : alliage de m\u00e9tal avec placage longue dur\u00e9e couleur argent<\/p>\n<\/li>\n<li data-start=\"913\" data-end=\"965\">\n<p data-start=\"915\" data-end=\"965\">Dimensions du mousqueton : environ 24,5 x 4,5 mm<\/p>\n<\/li>\n<li data-start=\"966\" data-end=\"1009\">\n<p data-start=\"968\" data-end=\"1009\">Couleur du m\u00e9tal : acier inox \/ platine<\/p>\n<\/li>\n<li data-start=\"1010\" data-end=\"1104\">\n<p data-start=\"1012\" data-end=\"1104\">Compatible avec : bottines type Dr. Martens (s&rsquo;accroche simplement sur la languette arri\u00e8re)<\/p>\n<\/li>\n<\/ul>\n<h2 data-start=\"1111\" data-end=\"1138\">Les bienfaits du quartz rose<\/h2>\n<p data-start=\"1140\" data-end=\"1330\">Le quartz rose est une pierre de douceur et d\u2019harmonie \u00e9motionnelle. Il soutient l\u2019amour de soi, la tendresse et les relations apais\u00e9es, tout en favorisant un climat \u00e9motionnel r\u00e9confortant.<\/p>\n<p data-start=\"1332\" data-end=\"1537\">Port\u00e9 au coll\u00e8ge, au lyc\u00e9e ou au travail, il accompagne les journ\u00e9es sensibles en aidant \u00e0 mieux g\u00e9rer les \u00e9motions, \u00e0 cultiver la bienveillance et \u00e0 cr\u00e9er une \u00e9nergie affective plus sereine autour de soi.<\/p>\n<h2 data-start=\"1544\" data-end=\"1594\">Comment accrocher les charms pour Dr. Martens ?<\/h2>\n<p data-start=\"1596\" data-end=\"1780\">Les pendentifs s\u2019attachent facilement en ouvrant le mousqueton et en le passant dans la languette arri\u00e8re de la bottine. Aucun outil n\u2019est n\u00e9cessaire. Convient pour un usage quotidien.<\/p>\n<\/div>\n<\/div>\n<\/div>\n<\/div>\n<\/div>\n<\/div>\n<\/article>\n<\/div>\n","protected":false},"excerpt":{"rendered":"<p data-start=\"1828\" data-end=\"1984\"><strong>Paire de pendentifs pour bottines de type Doc Martens (avec languette \u00e0 l&rsquo;arri\u00e8re) avec pointe de quartz rose.<\/strong><br data-start=\"1902\" data-end=\"1905\" \/>Un accessoire original \u00a0pour rendre vos bottines pr\u00e9f\u00e9r\u00e9es uniques !<\/p>\n","protected":false},"featured_media":58692,"comment_status":"open","ping_status":"closed","template":"","meta":[],"product_brand":[],"product_cat":[25,26,2095],"product_tag":[2120],"class_list":{"0":"post-58697","1":"product","2":"type-product","3":"status-publish","4":"has-post-thumbnail","6":"product_cat-accessoires","7":"product_cat-pierres-naturelles","8":"product_cat-vente-ephemere","9":"product_tag-bijoux-de-bottines","11":"first","12":"instock","13":"shipping-taxable","14":"purchasable","15":"product-type-simple"},"acf":[],"yoast_head":"<!-- This site is optimized with the Yoast SEO plugin v27.5 - https:\/\/yoast.com\/product\/yoast-seo-wordpress\/ -->\n<title>Pendentifs ou bijoux pour Doc Martens en quartz rose<\/title>\n<meta name=\"description\" content=\"Pendentifs ou bijoux pour Doc Martens en quartz rose. Vendus par paire, faciles \u00e0 accrocher, pour un style unique et une \u00e9nergie \u00e9quilibr\u00e9e\" \/>\n<meta name=\"robots\" content=\"index, follow, max-snippet:-1, max-image-preview:large, max-video-preview:-1\" \/>\n<link rel=\"canonical\" href=\"https:\/\/www.mapesteadoree.fr\/boutique\/bijoux\/bijoux-de-bottines-en-quartz-rose-couleur-argent\/\" \/>\n<meta property=\"og:locale\" content=\"fr_FR\" \/>\n<meta property=\"og:type\" content=\"article\" \/>\n<meta property=\"og:title\" content=\"Pendentifs ou bijoux pour Doc Martens en quartz rose\" \/>\n<meta property=\"og:description\" content=\"Pendentifs ou bijoux pour Doc Martens en quartz rose. Vendus par paire, faciles \u00e0 accrocher, pour un style unique et une \u00e9nergie \u00e9quilibr\u00e9e\" \/>\n<meta property=\"og:url\" content=\"https:\/\/www.mapesteadoree.fr\/boutique\/bijoux\/bijoux-de-bottines-en-quartz-rose-couleur-argent\/\" \/>\n<meta property=\"og:site_name\" content=\"Ma Peste Ador\u00e9e\" \/>\n<meta property=\"article:modified_time\" content=\"2025-12-14T10:17:02+00:00\" \/>\n<meta property=\"og:image\" content=\"https:\/\/www.mapesteadoree.fr\/boutique\/wp-content\/uploads\/2025\/12\/doc-martens-quartz-rose-pendentif.jpg\" \/>\n\t<meta property=\"og:image:width\" content=\"1500\" \/>\n\t<meta property=\"og:image:height\" content=\"1500\" \/>\n\t<meta property=\"og:image:type\" content=\"image\/jpeg\" \/>\n<meta name=\"twitter:card\" content=\"summary_large_image\" \/>\n<meta name=\"twitter:label1\" content=\"Dur\u00e9e de lecture estim\u00e9e\" \/>\n\t<meta name=\"twitter:data1\" content=\"1 minute\" \/>\n<script type=\"application\/ld+json\" class=\"yoast-schema-graph\">{\"@context\":\"https:\\\/\\\/schema.org\",\"@graph\":[{\"@type\":\"WebPage\",\"@id\":\"https:\\\/\\\/www.mapesteadoree.fr\\\/boutique\\\/bijoux\\\/bijoux-de-bottines-en-quartz-rose-couleur-argent\\\/\",\"url\":\"https:\\\/\\\/www.mapesteadoree.fr\\\/boutique\\\/bijoux\\\/bijoux-de-bottines-en-quartz-rose-couleur-argent\\\/\",\"name\":\"Pendentifs ou bijoux pour Doc Martens en quartz rose\",\"isPartOf\":{\"@id\":\"https:\\\/\\\/www.mapesteadoree.fr\\\/boutique\\\/#website\"},\"primaryImageOfPage\":{\"@id\":\"https:\\\/\\\/www.mapesteadoree.fr\\\/boutique\\\/bijoux\\\/bijoux-de-bottines-en-quartz-rose-couleur-argent\\\/#primaryimage\"},\"image\":{\"@id\":\"https:\\\/\\\/www.mapesteadoree.fr\\\/boutique\\\/bijoux\\\/bijoux-de-bottines-en-quartz-rose-couleur-argent\\\/#primaryimage\"},\"thumbnailUrl\":\"https:\\\/\\\/www.mapesteadoree.fr\\\/boutique\\\/wp-content\\\/uploads\\\/2025\\\/12\\\/doc-martens-quartz-rose-pendentif.jpg\",\"datePublished\":\"2025-12-13T16:44:36+00:00\",\"dateModified\":\"2025-12-14T10:17:02+00:00\",\"description\":\"Pendentifs ou bijoux pour Doc Martens en quartz rose. Vendus par paire, faciles \u00e0 accrocher, pour un style unique et une \u00e9nergie \u00e9quilibr\u00e9e\",\"breadcrumb\":{\"@id\":\"https:\\\/\\\/www.mapesteadoree.fr\\\/boutique\\\/bijoux\\\/bijoux-de-bottines-en-quartz-rose-couleur-argent\\\/#breadcrumb\"},\"inLanguage\":\"fr-FR\",\"potentialAction\":[{\"@type\":\"ReadAction\",\"target\":[\"https:\\\/\\\/www.mapesteadoree.fr\\\/boutique\\\/bijoux\\\/bijoux-de-bottines-en-quartz-rose-couleur-argent\\\/\"]}]},{\"@type\":\"ImageObject\",\"inLanguage\":\"fr-FR\",\"@id\":\"https:\\\/\\\/www.mapesteadoree.fr\\\/boutique\\\/bijoux\\\/bijoux-de-bottines-en-quartz-rose-couleur-argent\\\/#primaryimage\",\"url\":\"https:\\\/\\\/www.mapesteadoree.fr\\\/boutique\\\/wp-content\\\/uploads\\\/2025\\\/12\\\/doc-martens-quartz-rose-pendentif.jpg\",\"contentUrl\":\"https:\\\/\\\/www.mapesteadoree.fr\\\/boutique\\\/wp-content\\\/uploads\\\/2025\\\/12\\\/doc-martens-quartz-rose-pendentif.jpg\",\"width\":1500,\"height\":1500,\"caption\":\"paire de pendentifs ou bijoux pour bottines doc martens avec quartz rose\"},{\"@type\":\"BreadcrumbList\",\"@id\":\"https:\\\/\\\/www.mapesteadoree.fr\\\/boutique\\\/bijoux\\\/bijoux-de-bottines-en-quartz-rose-couleur-argent\\\/#breadcrumb\",\"itemListElement\":[{\"@type\":\"ListItem\",\"position\":1,\"name\":\"Accueil\",\"item\":\"https:\\\/\\\/www.mapesteadoree.fr\\\/boutique\\\/\"},{\"@type\":\"ListItem\",\"position\":2,\"name\":\"Boutique de bijoux uniques en pierres naturelles\",\"item\":\"https:\\\/\\\/www.mapesteadoree.fr\\\/boutique\\\/\"},{\"@type\":\"ListItem\",\"position\":3,\"name\":\"Bijoux de bottines en quartz rose &#8211; couleur argent\"}]},{\"@type\":\"WebSite\",\"@id\":\"https:\\\/\\\/www.mapesteadoree.fr\\\/boutique\\\/#website\",\"url\":\"https:\\\/\\\/www.mapesteadoree.fr\\\/boutique\\\/\",\"name\":\"Ma Peste Ador\u00e9e\",\"description\":\"\",\"publisher\":{\"@id\":\"https:\\\/\\\/www.mapesteadoree.fr\\\/boutique\\\/#organization\"},\"potentialAction\":[{\"@type\":\"SearchAction\",\"target\":{\"@type\":\"EntryPoint\",\"urlTemplate\":\"https:\\\/\\\/www.mapesteadoree.fr\\\/boutique\\\/?s={search_term_string}\"},\"query-input\":{\"@type\":\"PropertyValueSpecification\",\"valueRequired\":true,\"valueName\":\"search_term_string\"}}],\"inLanguage\":\"fr-FR\"},{\"@type\":\"Organization\",\"@id\":\"https:\\\/\\\/www.mapesteadoree.fr\\\/boutique\\\/#organization\",\"name\":\"Ma Peste Ador\u00e9e\",\"url\":\"https:\\\/\\\/www.mapesteadoree.fr\\\/boutique\\\/\",\"logo\":{\"@type\":\"ImageObject\",\"inLanguage\":\"fr-FR\",\"@id\":\"https:\\\/\\\/www.mapesteadoree.fr\\\/boutique\\\/#\\\/schema\\\/logo\\\/image\\\/\",\"url\":\"https:\\\/\\\/www.mapesteadoree.fr\\\/boutique\\\/wp-content\\\/uploads\\\/2024\\\/10\\\/cropped-logo-mpa-2024.png\",\"contentUrl\":\"https:\\\/\\\/www.mapesteadoree.fr\\\/boutique\\\/wp-content\\\/uploads\\\/2024\\\/10\\\/cropped-logo-mpa-2024.png\",\"width\":470,\"height\":110,\"caption\":\"Ma Peste Ador\u00e9e\"},\"image\":{\"@id\":\"https:\\\/\\\/www.mapesteadoree.fr\\\/boutique\\\/#\\\/schema\\\/logo\\\/image\\\/\"}}]}<\/script>\n<!-- \/ Yoast SEO plugin. -->","yoast_head_json":{"title":"Pendentifs ou bijoux pour Doc Martens en quartz rose","description":"Pendentifs ou bijoux pour Doc Martens en quartz rose. Vendus par paire, faciles \u00e0 accrocher, pour un style unique et une \u00e9nergie \u00e9quilibr\u00e9e","robots":{"index":"index","follow":"follow","max-snippet":"max-snippet:-1","max-image-preview":"max-image-preview:large","max-video-preview":"max-video-preview:-1"},"canonical":"https:\/\/www.mapesteadoree.fr\/boutique\/bijoux\/bijoux-de-bottines-en-quartz-rose-couleur-argent\/","og_locale":"fr_FR","og_type":"article","og_title":"Pendentifs ou bijoux pour Doc Martens en quartz rose","og_description":"Pendentifs ou bijoux pour Doc Martens en quartz rose. Vendus par paire, faciles \u00e0 accrocher, pour un style unique et une \u00e9nergie \u00e9quilibr\u00e9e","og_url":"https:\/\/www.mapesteadoree.fr\/boutique\/bijoux\/bijoux-de-bottines-en-quartz-rose-couleur-argent\/","og_site_name":"Ma Peste Ador\u00e9e","article_modified_time":"2025-12-14T10:17:02+00:00","og_image":[{"width":1500,"height":1500,"url":"https:\/\/www.mapesteadoree.fr\/boutique\/wp-content\/uploads\/2025\/12\/doc-martens-quartz-rose-pendentif.jpg","type":"image\/jpeg"}],"twitter_card":"summary_large_image","twitter_misc":{"Dur\u00e9e de lecture estim\u00e9e":"1 minute"},"schema":{"@context":"https:\/\/schema.org","@graph":[{"@type":"WebPage","@id":"https:\/\/www.mapesteadoree.fr\/boutique\/bijoux\/bijoux-de-bottines-en-quartz-rose-couleur-argent\/","url":"https:\/\/www.mapesteadoree.fr\/boutique\/bijoux\/bijoux-de-bottines-en-quartz-rose-couleur-argent\/","name":"Pendentifs ou bijoux pour Doc Martens en quartz rose","isPartOf":{"@id":"https:\/\/www.mapesteadoree.fr\/boutique\/#website"},"primaryImageOfPage":{"@id":"https:\/\/www.mapesteadoree.fr\/boutique\/bijoux\/bijoux-de-bottines-en-quartz-rose-couleur-argent\/#primaryimage"},"image":{"@id":"https:\/\/www.mapesteadoree.fr\/boutique\/bijoux\/bijoux-de-bottines-en-quartz-rose-couleur-argent\/#primaryimage"},"thumbnailUrl":"https:\/\/www.mapesteadoree.fr\/boutique\/wp-content\/uploads\/2025\/12\/doc-martens-quartz-rose-pendentif.jpg","datePublished":"2025-12-13T16:44:36+00:00","dateModified":"2025-12-14T10:17:02+00:00","description":"Pendentifs ou bijoux pour Doc Martens en quartz rose. Vendus par paire, faciles \u00e0 accrocher, pour un style unique et une \u00e9nergie \u00e9quilibr\u00e9e","breadcrumb":{"@id":"https:\/\/www.mapesteadoree.fr\/boutique\/bijoux\/bijoux-de-bottines-en-quartz-rose-couleur-argent\/#breadcrumb"},"inLanguage":"fr-FR","potentialAction":[{"@type":"ReadAction","target":["https:\/\/www.mapesteadoree.fr\/boutique\/bijoux\/bijoux-de-bottines-en-quartz-rose-couleur-argent\/"]}]},{"@type":"ImageObject","inLanguage":"fr-FR","@id":"https:\/\/www.mapesteadoree.fr\/boutique\/bijoux\/bijoux-de-bottines-en-quartz-rose-couleur-argent\/#primaryimage","url":"https:\/\/www.mapesteadoree.fr\/boutique\/wp-content\/uploads\/2025\/12\/doc-martens-quartz-rose-pendentif.jpg","contentUrl":"https:\/\/www.mapesteadoree.fr\/boutique\/wp-content\/uploads\/2025\/12\/doc-martens-quartz-rose-pendentif.jpg","width":1500,"height":1500,"caption":"paire de pendentifs ou bijoux pour bottines doc martens avec quartz rose"},{"@type":"BreadcrumbList","@id":"https:\/\/www.mapesteadoree.fr\/boutique\/bijoux\/bijoux-de-bottines-en-quartz-rose-couleur-argent\/#breadcrumb","itemListElement":[{"@type":"ListItem","position":1,"name":"Accueil","item":"https:\/\/www.mapesteadoree.fr\/boutique\/"},{"@type":"ListItem","position":2,"name":"Boutique de bijoux uniques en pierres naturelles","item":"https:\/\/www.mapesteadoree.fr\/boutique\/"},{"@type":"ListItem","position":3,"name":"Bijoux de bottines en quartz rose &#8211; couleur argent"}]},{"@type":"WebSite","@id":"https:\/\/www.mapesteadoree.fr\/boutique\/#website","url":"https:\/\/www.mapesteadoree.fr\/boutique\/","name":"Ma Peste Ador\u00e9e","description":"","publisher":{"@id":"https:\/\/www.mapesteadoree.fr\/boutique\/#organization"},"potentialAction":[{"@type":"SearchAction","target":{"@type":"EntryPoint","urlTemplate":"https:\/\/www.mapesteadoree.fr\/boutique\/?s={search_term_string}"},"query-input":{"@type":"PropertyValueSpecification","valueRequired":true,"valueName":"search_term_string"}}],"inLanguage":"fr-FR"},{"@type":"Organization","@id":"https:\/\/www.mapesteadoree.fr\/boutique\/#organization","name":"Ma Peste Ador\u00e9e","url":"https:\/\/www.mapesteadoree.fr\/boutique\/","logo":{"@type":"ImageObject","inLanguage":"fr-FR","@id":"https:\/\/www.mapesteadoree.fr\/boutique\/#\/schema\/logo\/image\/","url":"https:\/\/www.mapesteadoree.fr\/boutique\/wp-content\/uploads\/2024\/10\/cropped-logo-mpa-2024.png","contentUrl":"https:\/\/www.mapesteadoree.fr\/boutique\/wp-content\/uploads\/2024\/10\/cropped-logo-mpa-2024.png","width":470,"height":110,"caption":"Ma Peste Ador\u00e9e"},"image":{"@id":"https:\/\/www.mapesteadoree.fr\/boutique\/#\/schema\/logo\/image\/"}}]}},"wcpa_form_fields":null,"_links":{"self":[{"href":"https:\/\/www.mapesteadoree.fr\/boutique\/wp-json\/wp\/v2\/product\/58697","targetHints":{"allow":["GET"]}}],"collection":[{"href":"https:\/\/www.mapesteadoree.fr\/boutique\/wp-json\/wp\/v2\/product"}],"about":[{"href":"https:\/\/www.mapesteadoree.fr\/boutique\/wp-json\/wp\/v2\/types\/product"}],"replies":[{"embeddable":true,"href":"https:\/\/www.mapesteadoree.fr\/boutique\/wp-json\/wp\/v2\/comments?post=58697"}],"wp:featuredmedia":[{"embeddable":true,"href":"https:\/\/www.mapesteadoree.fr\/boutique\/wp-json\/wp\/v2\/media\/58692"}],"wp:attachment":[{"href":"https:\/\/www.mapesteadoree.fr\/boutique\/wp-json\/wp\/v2\/media?parent=58697"}],"wp:term":[{"taxonomy":"product_brand","embeddable":true,"href":"https:\/\/www.mapesteadoree.fr\/boutique\/wp-json\/wp\/v2\/product_brand?post=58697"},{"taxonomy":"product_cat","embeddable":true,"href":"https:\/\/www.mapesteadoree.fr\/boutique\/wp-json\/wp\/v2\/product_cat?post=58697"},{"taxonomy":"product_tag","embeddable":true,"href":"https:\/\/www.mapesteadoree.fr\/boutique\/wp-json\/wp\/v2\/product_tag?post=58697"}],"curies":[{"name":"wp","href":"https:\/\/api.w.org\/{rel}","templated":true}]}}