{"id":57690,"date":"2025-08-20T15:49:18","date_gmt":"2025-08-20T13:49:18","guid":{"rendered":"https:\/\/www.mapesteadoree.fr\/boutique\/?post_type=product&#038;p=57690"},"modified":"2025-09-16T14:16:28","modified_gmt":"2025-09-16T12:16:28","slug":"collier-amethyste-plaque-rhodium","status":"publish","type":"product","link":"https:\/\/www.mapesteadoree.fr\/boutique\/bijoux\/collier-amethyste-plaque-rhodium\/","title":{"rendered":"Collier Am\u00e9thyste &#8211; cordon au choix"},"content":{"rendered":"<p class=\"LC20lb MBeuO DKV0Md\"><strong>\u2728Un collier simple avec pendentif en am\u00e9thyste roul\u00e9e, taille et couleur variable. <\/strong>Taille du pendentif environ 2x2xm. L&rsquo;am\u00e9thyste est une pierre de s\u00e9r\u00e9nit\u00e9 et de protection, qui aide \u00e0 bien s&rsquo;endormir.<\/p>\n<p>Cordon en coton tress\u00e9 2mm, de nombreux mod\u00e8les au choix. Option cha\u00eene fine en acier inoxydable avec fermoir et cha\u00eene d&rsquo;extension. Longueur sur-mesure et m\u00e9daille grav\u00e9e en option.<\/p>\n<p class=\"LC20lb MBeuO DKV0Md\">\u2139\ufe0f D\u00e9couvrez \u00e9galement <a href=\"https:\/\/www.mapesteadoree.fr\/boutique\/categorie-produit\/collier-pierres-naturelles\/\">les autres colliers en pierres naturelles de la boutique<\/a><\/p>\n<h2>Les bienfaits de l&rsquo;am\u00e9thyste<\/h2>\n<p>Pierre de sagesse et de s\u00e9r\u00e9nit\u00e9, l\u2019am\u00e9thyste apaise le mental, r\u00e9duit le stress et aide \u00e0 retrouver un sommeil paisible. Elle favorise la clart\u00e9 d\u2019esprit, l\u2019intuition et la prise de d\u00e9cisions \u00e9clair\u00e9es. \u00c9galement r\u00e9put\u00e9e pour calmer les tensions et soulager les maux de t\u00eate, elle diffuse une \u00e9nergie douce et protectrice.<\/p>\n<blockquote><p>\ud83d\udc9c Profitez de son aura de s\u00e9r\u00e9nit\u00e9 &amp; de son \u00e9nergie apaisante<\/p><\/blockquote>\n<h2>Dans quels cas utiliser l&rsquo;am\u00e9thyste au quotidien ?<\/h2>\n<p>Ce collier sera b\u00e9n\u00e9fique si vous souhaitez :<\/p>\n<ul>\n<li>B\u00e9n\u00e9ficier d&rsquo;une protection douce mais efficace<\/li>\n<li>Apaiser l\u2019anxi\u00e9t\u00e9 et retrouver un \u00e9quilibre \u00e9motionnel.<\/li>\n<li>Favoriser un endormissement plus rapide et un sommeil r\u00e9parateur.<\/li>\n<li>Se d\u00e9barrasser des insomnies et\/ou des cauchemars.<\/li>\n<li>Stimuler votre intuition et votre clart\u00e9 d\u2019esprit pour mieux avancer.<\/li>\n<li>Offrir \u00e0 un enfant ou un adolescent sensible un bijou rassurant et protecteur.<\/li>\n<\/ul>\n<h2>Entretien de vos bijoux lithoth\u00e9rapie<\/h2>\n<p class=\"LC20lb MBeuO DKV0Md\">Chaque bijou de la boutique est r\u00e9alis\u00e9 sur mesure et sur commande.<\/p>\n<p class=\"LC20lb MBeuO DKV0Md\">\ud83c\udf81 C&rsquo;est une super id\u00e9e cadeau, pour quelqu&rsquo;un qui vous est cher<\/p>\n<p class=\"LC20lb MBeuO DKV0Md\">\ud83d\udd28 Il est \u00a0personnalisable, vous pouvez choisir le cordon ou mettre une cha\u00eene en acier inoxydable. Vous pouvez aussi ajouter une m\u00e9daille grav\u00e9e pour un collier vraiment unique.<\/p>\n<p class=\"LC20lb MBeuO DKV0Md\">\ud83d\udccf vous pouvez choisir la longueur de votre collier : ras du cou ou alors collier long ou mi-long, \u00e0 vous de voir.<\/p>\n<p class=\"LC20lb MBeuO DKV0Md\">\u2795 Chaque bijou est livr\u00e9 dans un pochon en coton et accompagn\u00e9 d&rsquo;une carte personnalis\u00e9 .<\/p>\n<p class=\"LC20lb MBeuO DKV0Md\">\u26a0\ufe0f <em>Les bijoux en pierres naturelles n\u00e9cessitent peu d&rsquo;entretien, n\u00e9anmoins il est conseill\u00e9 de les mettre \u00e0 l&rsquo;abri de l&rsquo;eau et de l&rsquo;humidit\u00e9.\u00a0<\/em><\/p>\n","protected":false},"excerpt":{"rendered":"<p><b>Collier en Am\u00e9thyste \u00ab\u00a0S\u00e9r\u00e9nit\u00e9 et Intuition\u00a0\u00bb<\/b> \u2013 Un bijou pens\u00e9 pour calmer le mental, apaiser le c\u0153ur et \u00e9clairer vos d\u00e9cisions gr\u00e2ce \u00e0 la douceur protectrice de l\u2019am\u00e9thyste.<\/p>\n<p>\u27a1\ufe0f Collier sur-mesure avec longueur au choix, disponible en cordon coton ou cha\u00eene fine en acier inoxydable, avec pendentif en am\u00e9thyste du Br\u00e9sil plaqu\u00e9 rhodium.<\/p>\n","protected":false},"featured_media":57692,"comment_status":"open","ping_status":"closed","template":"","meta":[],"product_brand":[],"product_cat":[23,2087,2113,26,33],"product_tag":[],"class_list":{"0":"post-57690","1":"product","2":"type-product","3":"status-publish","4":"has-post-thumbnail","6":"product_cat-bijoux-enfants","7":"product_cat-colliers-femme","8":"product_cat-collier-pierres-naturelles","9":"product_cat-pierres-naturelles","10":"product_cat-pierres-naturelles-enfant","12":"first","13":"instock","14":"shipping-taxable","15":"purchasable","16":"product-type-simple"},"acf":[],"yoast_head":"<!-- This site is optimized with the Yoast SEO plugin v27.4 - https:\/\/yoast.com\/product\/yoast-seo-wordpress\/ -->\n<title>Collier en Am\u00e9thyste Plaqu\u00e9 Rhodium \u2013 S\u00e9r\u00e9nit\u00e9 et Clart\u00e9 d\u2019Esprit<\/title>\n<meta name=\"description\" content=\"Collier en am\u00e9thyste plaqu\u00e9 rhodium du Br\u00e9sil. Pierre naturelle apaisante qui favorise s\u00e9r\u00e9nit\u00e9, intuition et sommeil r\u00e9parateur.\" \/>\n<meta name=\"robots\" content=\"index, follow, max-snippet:-1, max-image-preview:large, max-video-preview:-1\" \/>\n<link rel=\"canonical\" href=\"https:\/\/www.mapesteadoree.fr\/boutique\/bijoux\/collier-amethyste-plaque-rhodium\/\" \/>\n<meta property=\"og:locale\" content=\"fr_FR\" \/>\n<meta property=\"og:type\" content=\"article\" \/>\n<meta property=\"og:title\" content=\"Collier en Am\u00e9thyste Plaqu\u00e9 Rhodium \u2013 S\u00e9r\u00e9nit\u00e9 et Clart\u00e9 d\u2019Esprit\" \/>\n<meta property=\"og:description\" content=\"Collier en am\u00e9thyste plaqu\u00e9 rhodium du Br\u00e9sil. Pierre naturelle apaisante qui favorise s\u00e9r\u00e9nit\u00e9, intuition et sommeil r\u00e9parateur.\" \/>\n<meta property=\"og:url\" content=\"https:\/\/www.mapesteadoree.fr\/boutique\/bijoux\/collier-amethyste-plaque-rhodium\/\" \/>\n<meta property=\"og:site_name\" content=\"Ma Peste Ador\u00e9e\" \/>\n<meta property=\"article:modified_time\" content=\"2025-09-16T12:16:28+00:00\" \/>\n<meta property=\"og:image\" content=\"https:\/\/www.mapesteadoree.fr\/boutique\/wp-content\/uploads\/2025\/08\/collier-chaine-amethyste.jpg\" \/>\n\t<meta property=\"og:image:width\" content=\"1500\" \/>\n\t<meta property=\"og:image:height\" content=\"1500\" \/>\n\t<meta property=\"og:image:type\" content=\"image\/jpeg\" \/>\n<meta name=\"twitter:card\" content=\"summary_large_image\" \/>\n<meta name=\"twitter:label1\" content=\"Dur\u00e9e de lecture estim\u00e9e\" \/>\n\t<meta name=\"twitter:data1\" content=\"3 minutes\" \/>\n<script type=\"application\/ld+json\" class=\"yoast-schema-graph\">{\"@context\":\"https:\\\/\\\/schema.org\",\"@graph\":[{\"@type\":\"WebPage\",\"@id\":\"https:\\\/\\\/www.mapesteadoree.fr\\\/boutique\\\/bijoux\\\/collier-amethyste-plaque-rhodium\\\/\",\"url\":\"https:\\\/\\\/www.mapesteadoree.fr\\\/boutique\\\/bijoux\\\/collier-amethyste-plaque-rhodium\\\/\",\"name\":\"Collier en Am\u00e9thyste Plaqu\u00e9 Rhodium \u2013 S\u00e9r\u00e9nit\u00e9 et Clart\u00e9 d\u2019Esprit\",\"isPartOf\":{\"@id\":\"https:\\\/\\\/www.mapesteadoree.fr\\\/boutique\\\/#website\"},\"primaryImageOfPage\":{\"@id\":\"https:\\\/\\\/www.mapesteadoree.fr\\\/boutique\\\/bijoux\\\/collier-amethyste-plaque-rhodium\\\/#primaryimage\"},\"image\":{\"@id\":\"https:\\\/\\\/www.mapesteadoree.fr\\\/boutique\\\/bijoux\\\/collier-amethyste-plaque-rhodium\\\/#primaryimage\"},\"thumbnailUrl\":\"https:\\\/\\\/www.mapesteadoree.fr\\\/boutique\\\/wp-content\\\/uploads\\\/2025\\\/08\\\/collier-chaine-amethyste.jpg\",\"datePublished\":\"2025-08-20T13:49:18+00:00\",\"dateModified\":\"2025-09-16T12:16:28+00:00\",\"description\":\"Collier en am\u00e9thyste plaqu\u00e9 rhodium du Br\u00e9sil. Pierre naturelle apaisante qui favorise s\u00e9r\u00e9nit\u00e9, intuition et sommeil r\u00e9parateur.\",\"breadcrumb\":{\"@id\":\"https:\\\/\\\/www.mapesteadoree.fr\\\/boutique\\\/bijoux\\\/collier-amethyste-plaque-rhodium\\\/#breadcrumb\"},\"inLanguage\":\"fr-FR\",\"potentialAction\":[{\"@type\":\"ReadAction\",\"target\":[\"https:\\\/\\\/www.mapesteadoree.fr\\\/boutique\\\/bijoux\\\/collier-amethyste-plaque-rhodium\\\/\"]}]},{\"@type\":\"ImageObject\",\"inLanguage\":\"fr-FR\",\"@id\":\"https:\\\/\\\/www.mapesteadoree.fr\\\/boutique\\\/bijoux\\\/collier-amethyste-plaque-rhodium\\\/#primaryimage\",\"url\":\"https:\\\/\\\/www.mapesteadoree.fr\\\/boutique\\\/wp-content\\\/uploads\\\/2025\\\/08\\\/collier-chaine-amethyste.jpg\",\"contentUrl\":\"https:\\\/\\\/www.mapesteadoree.fr\\\/boutique\\\/wp-content\\\/uploads\\\/2025\\\/08\\\/collier-chaine-amethyste.jpg\",\"width\":1500,\"height\":1500,\"caption\":\"Collier pendentif en am\u00e9thyste plaqu\u00e9 rhodium \u2013 pierre naturelle apaisante.\"},{\"@type\":\"BreadcrumbList\",\"@id\":\"https:\\\/\\\/www.mapesteadoree.fr\\\/boutique\\\/bijoux\\\/collier-amethyste-plaque-rhodium\\\/#breadcrumb\",\"itemListElement\":[{\"@type\":\"ListItem\",\"position\":1,\"name\":\"Accueil\",\"item\":\"https:\\\/\\\/www.mapesteadoree.fr\\\/boutique\\\/\"},{\"@type\":\"ListItem\",\"position\":2,\"name\":\"Boutique de bijoux uniques en pierres naturelles\",\"item\":\"https:\\\/\\\/www.mapesteadoree.fr\\\/boutique\\\/\"},{\"@type\":\"ListItem\",\"position\":3,\"name\":\"Collier Am\u00e9thyste &#8211; cordon au choix\"}]},{\"@type\":\"WebSite\",\"@id\":\"https:\\\/\\\/www.mapesteadoree.fr\\\/boutique\\\/#website\",\"url\":\"https:\\\/\\\/www.mapesteadoree.fr\\\/boutique\\\/\",\"name\":\"Ma Peste Ador\u00e9e\",\"description\":\"\",\"publisher\":{\"@id\":\"https:\\\/\\\/www.mapesteadoree.fr\\\/boutique\\\/#organization\"},\"potentialAction\":[{\"@type\":\"SearchAction\",\"target\":{\"@type\":\"EntryPoint\",\"urlTemplate\":\"https:\\\/\\\/www.mapesteadoree.fr\\\/boutique\\\/?s={search_term_string}\"},\"query-input\":{\"@type\":\"PropertyValueSpecification\",\"valueRequired\":true,\"valueName\":\"search_term_string\"}}],\"inLanguage\":\"fr-FR\"},{\"@type\":\"Organization\",\"@id\":\"https:\\\/\\\/www.mapesteadoree.fr\\\/boutique\\\/#organization\",\"name\":\"Ma Peste Ador\u00e9e\",\"url\":\"https:\\\/\\\/www.mapesteadoree.fr\\\/boutique\\\/\",\"logo\":{\"@type\":\"ImageObject\",\"inLanguage\":\"fr-FR\",\"@id\":\"https:\\\/\\\/www.mapesteadoree.fr\\\/boutique\\\/#\\\/schema\\\/logo\\\/image\\\/\",\"url\":\"https:\\\/\\\/www.mapesteadoree.fr\\\/boutique\\\/wp-content\\\/uploads\\\/2024\\\/10\\\/cropped-logo-mpa-2024.png\",\"contentUrl\":\"https:\\\/\\\/www.mapesteadoree.fr\\\/boutique\\\/wp-content\\\/uploads\\\/2024\\\/10\\\/cropped-logo-mpa-2024.png\",\"width\":470,\"height\":110,\"caption\":\"Ma Peste Ador\u00e9e\"},\"image\":{\"@id\":\"https:\\\/\\\/www.mapesteadoree.fr\\\/boutique\\\/#\\\/schema\\\/logo\\\/image\\\/\"}}]}<\/script>\n<!-- \/ Yoast SEO plugin. -->","yoast_head_json":{"title":"Collier en Am\u00e9thyste Plaqu\u00e9 Rhodium \u2013 S\u00e9r\u00e9nit\u00e9 et Clart\u00e9 d\u2019Esprit","description":"Collier en am\u00e9thyste plaqu\u00e9 rhodium du Br\u00e9sil. Pierre naturelle apaisante qui favorise s\u00e9r\u00e9nit\u00e9, intuition et sommeil r\u00e9parateur.","robots":{"index":"index","follow":"follow","max-snippet":"max-snippet:-1","max-image-preview":"max-image-preview:large","max-video-preview":"max-video-preview:-1"},"canonical":"https:\/\/www.mapesteadoree.fr\/boutique\/bijoux\/collier-amethyste-plaque-rhodium\/","og_locale":"fr_FR","og_type":"article","og_title":"Collier en Am\u00e9thyste Plaqu\u00e9 Rhodium \u2013 S\u00e9r\u00e9nit\u00e9 et Clart\u00e9 d\u2019Esprit","og_description":"Collier en am\u00e9thyste plaqu\u00e9 rhodium du Br\u00e9sil. Pierre naturelle apaisante qui favorise s\u00e9r\u00e9nit\u00e9, intuition et sommeil r\u00e9parateur.","og_url":"https:\/\/www.mapesteadoree.fr\/boutique\/bijoux\/collier-amethyste-plaque-rhodium\/","og_site_name":"Ma Peste Ador\u00e9e","article_modified_time":"2025-09-16T12:16:28+00:00","og_image":[{"width":1500,"height":1500,"url":"https:\/\/www.mapesteadoree.fr\/boutique\/wp-content\/uploads\/2025\/08\/collier-chaine-amethyste.jpg","type":"image\/jpeg"}],"twitter_card":"summary_large_image","twitter_misc":{"Dur\u00e9e de lecture estim\u00e9e":"3 minutes"},"schema":{"@context":"https:\/\/schema.org","@graph":[{"@type":"WebPage","@id":"https:\/\/www.mapesteadoree.fr\/boutique\/bijoux\/collier-amethyste-plaque-rhodium\/","url":"https:\/\/www.mapesteadoree.fr\/boutique\/bijoux\/collier-amethyste-plaque-rhodium\/","name":"Collier en Am\u00e9thyste Plaqu\u00e9 Rhodium \u2013 S\u00e9r\u00e9nit\u00e9 et Clart\u00e9 d\u2019Esprit","isPartOf":{"@id":"https:\/\/www.mapesteadoree.fr\/boutique\/#website"},"primaryImageOfPage":{"@id":"https:\/\/www.mapesteadoree.fr\/boutique\/bijoux\/collier-amethyste-plaque-rhodium\/#primaryimage"},"image":{"@id":"https:\/\/www.mapesteadoree.fr\/boutique\/bijoux\/collier-amethyste-plaque-rhodium\/#primaryimage"},"thumbnailUrl":"https:\/\/www.mapesteadoree.fr\/boutique\/wp-content\/uploads\/2025\/08\/collier-chaine-amethyste.jpg","datePublished":"2025-08-20T13:49:18+00:00","dateModified":"2025-09-16T12:16:28+00:00","description":"Collier en am\u00e9thyste plaqu\u00e9 rhodium du Br\u00e9sil. Pierre naturelle apaisante qui favorise s\u00e9r\u00e9nit\u00e9, intuition et sommeil r\u00e9parateur.","breadcrumb":{"@id":"https:\/\/www.mapesteadoree.fr\/boutique\/bijoux\/collier-amethyste-plaque-rhodium\/#breadcrumb"},"inLanguage":"fr-FR","potentialAction":[{"@type":"ReadAction","target":["https:\/\/www.mapesteadoree.fr\/boutique\/bijoux\/collier-amethyste-plaque-rhodium\/"]}]},{"@type":"ImageObject","inLanguage":"fr-FR","@id":"https:\/\/www.mapesteadoree.fr\/boutique\/bijoux\/collier-amethyste-plaque-rhodium\/#primaryimage","url":"https:\/\/www.mapesteadoree.fr\/boutique\/wp-content\/uploads\/2025\/08\/collier-chaine-amethyste.jpg","contentUrl":"https:\/\/www.mapesteadoree.fr\/boutique\/wp-content\/uploads\/2025\/08\/collier-chaine-amethyste.jpg","width":1500,"height":1500,"caption":"Collier pendentif en am\u00e9thyste plaqu\u00e9 rhodium \u2013 pierre naturelle apaisante."},{"@type":"BreadcrumbList","@id":"https:\/\/www.mapesteadoree.fr\/boutique\/bijoux\/collier-amethyste-plaque-rhodium\/#breadcrumb","itemListElement":[{"@type":"ListItem","position":1,"name":"Accueil","item":"https:\/\/www.mapesteadoree.fr\/boutique\/"},{"@type":"ListItem","position":2,"name":"Boutique de bijoux uniques en pierres naturelles","item":"https:\/\/www.mapesteadoree.fr\/boutique\/"},{"@type":"ListItem","position":3,"name":"Collier Am\u00e9thyste &#8211; cordon au choix"}]},{"@type":"WebSite","@id":"https:\/\/www.mapesteadoree.fr\/boutique\/#website","url":"https:\/\/www.mapesteadoree.fr\/boutique\/","name":"Ma Peste Ador\u00e9e","description":"","publisher":{"@id":"https:\/\/www.mapesteadoree.fr\/boutique\/#organization"},"potentialAction":[{"@type":"SearchAction","target":{"@type":"EntryPoint","urlTemplate":"https:\/\/www.mapesteadoree.fr\/boutique\/?s={search_term_string}"},"query-input":{"@type":"PropertyValueSpecification","valueRequired":true,"valueName":"search_term_string"}}],"inLanguage":"fr-FR"},{"@type":"Organization","@id":"https:\/\/www.mapesteadoree.fr\/boutique\/#organization","name":"Ma Peste Ador\u00e9e","url":"https:\/\/www.mapesteadoree.fr\/boutique\/","logo":{"@type":"ImageObject","inLanguage":"fr-FR","@id":"https:\/\/www.mapesteadoree.fr\/boutique\/#\/schema\/logo\/image\/","url":"https:\/\/www.mapesteadoree.fr\/boutique\/wp-content\/uploads\/2024\/10\/cropped-logo-mpa-2024.png","contentUrl":"https:\/\/www.mapesteadoree.fr\/boutique\/wp-content\/uploads\/2024\/10\/cropped-logo-mpa-2024.png","width":470,"height":110,"caption":"Ma Peste Ador\u00e9e"},"image":{"@id":"https:\/\/www.mapesteadoree.fr\/boutique\/#\/schema\/logo\/image\/"}}]}},"wcpa_form_fields":null,"_links":{"self":[{"href":"https:\/\/www.mapesteadoree.fr\/boutique\/wp-json\/wp\/v2\/product\/57690","targetHints":{"allow":["GET"]}}],"collection":[{"href":"https:\/\/www.mapesteadoree.fr\/boutique\/wp-json\/wp\/v2\/product"}],"about":[{"href":"https:\/\/www.mapesteadoree.fr\/boutique\/wp-json\/wp\/v2\/types\/product"}],"replies":[{"embeddable":true,"href":"https:\/\/www.mapesteadoree.fr\/boutique\/wp-json\/wp\/v2\/comments?post=57690"}],"wp:featuredmedia":[{"embeddable":true,"href":"https:\/\/www.mapesteadoree.fr\/boutique\/wp-json\/wp\/v2\/media\/57692"}],"wp:attachment":[{"href":"https:\/\/www.mapesteadoree.fr\/boutique\/wp-json\/wp\/v2\/media?parent=57690"}],"wp:term":[{"taxonomy":"product_brand","embeddable":true,"href":"https:\/\/www.mapesteadoree.fr\/boutique\/wp-json\/wp\/v2\/product_brand?post=57690"},{"taxonomy":"product_cat","embeddable":true,"href":"https:\/\/www.mapesteadoree.fr\/boutique\/wp-json\/wp\/v2\/product_cat?post=57690"},{"taxonomy":"product_tag","embeddable":true,"href":"https:\/\/www.mapesteadoree.fr\/boutique\/wp-json\/wp\/v2\/product_tag?post=57690"}],"curies":[{"name":"wp","href":"https:\/\/api.w.org\/{rel}","templated":true}]}}