{"id":52081,"date":"2024-02-27T11:43:41","date_gmt":"2024-02-27T10:43:41","guid":{"rendered":"https:\/\/www.mapesteadoree.fr\/boutique\/?post_type=product&#038;p=52081"},"modified":"2025-09-10T22:33:23","modified_gmt":"2025-09-10T20:33:23","slug":"galet-plat-agate-mousse","status":"publish","type":"product","link":"https:\/\/www.mapesteadoree.fr\/boutique\/bijoux\/galet-plat-agate-mousse\/","title":{"rendered":"Galet Plat d&rsquo;Agate mousse"},"content":{"rendered":"<h1>L&rsquo;agate mousse, pierre d&rsquo;harmonie<\/h1>\n<p>Voici un galet plat d&rsquo;agate mousse : il a une taille parfaite pour le garder dans sa poche, dans un sac, un cartable ou dans une chambre (sur une commode, une table de chevet). Il n&rsquo;est ni trop grand, ni trop petit, pour un enfant ou un adulte. Juste la taille id\u00e9ale pour profiter de ses bienfaits.<\/p>\n<ul>\n<li>Taille du galet : environ 3,5-4cm x 4-6cm<\/li>\n<li>Poids : entre 35 et 55g selon la forme<\/li>\n<li>Origine : Br\u00e9sil<\/li>\n<\/ul>\n<p>Chaque pierre est naturelle donc la forme comme la couleur peut varier. Chaque exemplaire est donc totalement unique et celui que vous recevrez est celui qui vous \u00e9tait destin\u00e9&#8230; La pierre d&rsquo;agate mousse est une pierre d&rsquo;un vert profond, qui fait penser \u00e0 un arbre ou \u00e0 une mousse en for\u00eat : ) Sa couleur va du vert plus ou moins fonc\u00e9, avec des inclusions blanches ou transparentes<\/p>\n<h2>L&rsquo;agate mousse, un min\u00e9ral en lien avec la nature<\/h2>\n<p>La pierre d&rsquo;agate mousse poss\u00e8de un lien \u00e9troit avec la nature, la Terre, la naissance et la protection.\u00a0 La l\u00e9gende dit qu&rsquo;elle a le pouvoir d&rsquo;attirer la pluie et de donner des r\u00e9coltes abondantes. C&rsquo;est une pierre magique que je conseille \u00e0 tous, et pas que pour les jardinier.es : )<\/p>\n<p>Voici une liste de ses nombreux bienfaits :<\/p>\n<ul class=\"i8Z77e\">\n<li>L&rsquo;agate mousse est une pierre verte li\u00e9e au chakra du c\u0153ur : elle exacerbe le bonheur, la confiance en soi et favorise l&rsquo;expression des sentiments positifs.<\/li>\n<li>Pierre d&rsquo;\u00e9quilibre et d&rsquo;harmonie, elle aligne les flux \u00e9nerg\u00e9tiques<\/li>\n<li>Aide \u00e0 combattre la fatigue, le stress, la morosit\u00e9, la d\u00e9pression<\/li>\n<li>Elle apaise l&rsquo;anxi\u00e9t\u00e9 et le stress. Aide \u00e0 faire passer une crise d&rsquo;angoisse<\/li>\n<li>Elle est pleine d&rsquo;\u00e9nergie positive : elle aide \u00e0 faire aimer la vie passionn\u00e9ment<\/li>\n<li>Elle transmet gaiet\u00e9, joie de vivre et bonheur<\/li>\n<li>Elle est parfaitement conseill\u00e9e aux personnes irritables, m\u00e9lancoliques et d\u00e9pressives.<\/li>\n<li>Elle aide \u00e0 faire ressortir les meilleurs c\u00f4t\u00e9s d&rsquo;une personnalit\u00e9<\/li>\n<li>Elle apaise, stabilise et renforce l&rsquo;estime de soi. Elle redonne confiance en ses capacit\u00e9s, remet sur un chemin plus serein<\/li>\n<li>Elle favorise la fertilit\u00e9 : dans de nombreuses cultures elle porte chance aux femmes qui d\u00e9sirent tomber enceinte<\/li>\n<li>Elle redonne un sens \u00e0 la vie amoureuse, sentimentale et sexuelle<\/li>\n<li>Apr\u00e8s une naissance, elle prot\u00e8ge l&rsquo;ut\u00e9rus et soulage les douleurs du post-partum<\/li>\n<\/ul>\n<blockquote><p>La pierre <em>d&rsquo;agate mousse est une pierre fortement li\u00e9e \u00e0 la nature et \u00e0 la Terre. C&rsquo;est une pierre qui permet de se recentrer sur l&rsquo;essentiel, de se reconnecter avec la Vie.<br \/>\n<\/em><\/p><\/blockquote>\n","protected":false},"excerpt":{"rendered":"<p>Galet plat d&rsquo;agate mousse originaire du Br\u00e9sil. Cette pierre a la taille parfaite \u00a0\u00e0 garder dans la poche ou \u00e0 poser dans une chambre. C&rsquo;est une pierre qui aide se sentir connect\u00e9.e \u00e0 la Terre, qui stabilise et \u00e9quilibre. Elle aide \u00e0 se sentir heureux ou heureuse, en phase avec ses choix de vie.<\/p>\n","protected":false},"featured_media":57721,"comment_status":"open","ping_status":"closed","template":"","meta":[],"product_brand":[],"product_cat":[1997,26],"product_tag":[2069],"class_list":{"0":"post-52081","1":"product","2":"type-product","3":"status-publish","4":"has-post-thumbnail","6":"product_cat-mineraux","7":"product_cat-pierres-naturelles","8":"product_tag-stress","10":"first","11":"instock","12":"shipping-taxable","13":"purchasable","14":"product-type-simple"},"acf":[],"yoast_head":"<!-- This site is optimized with the Yoast SEO plugin v27.3 - https:\/\/yoast.com\/product\/yoast-seo-wordpress\/ -->\n<title>Galet Plat d&#039;Agate mousse - Ma Peste Ador\u00e9e<\/title>\n<meta name=\"description\" content=\"La pierre d&#039;agate mousse est un min\u00e9ral reli\u00e9 \u00e0 la terre et \u00e0 la nature. Cette pierre verte est li\u00e9e au chakra du coeur, elle aide \u00e0 \u00eatre en harmonie\" \/>\n<meta name=\"robots\" content=\"index, follow, max-snippet:-1, max-image-preview:large, max-video-preview:-1\" \/>\n<link rel=\"canonical\" href=\"https:\/\/www.mapesteadoree.fr\/boutique\/bijoux\/galet-plat-agate-mousse\/\" \/>\n<meta property=\"og:locale\" content=\"fr_FR\" \/>\n<meta property=\"og:type\" content=\"article\" \/>\n<meta property=\"og:title\" content=\"Galet Plat d&#039;Agate mousse - Ma Peste Ador\u00e9e\" \/>\n<meta property=\"og:description\" content=\"La pierre d&#039;agate mousse est un min\u00e9ral reli\u00e9 \u00e0 la terre et \u00e0 la nature. Cette pierre verte est li\u00e9e au chakra du coeur, elle aide \u00e0 \u00eatre en harmonie\" \/>\n<meta property=\"og:url\" content=\"https:\/\/www.mapesteadoree.fr\/boutique\/bijoux\/galet-plat-agate-mousse\/\" \/>\n<meta property=\"og:site_name\" content=\"Ma Peste Ador\u00e9e\" \/>\n<meta property=\"article:modified_time\" content=\"2025-09-10T20:33:23+00:00\" \/>\n<meta property=\"og:image\" content=\"https:\/\/www.mapesteadoree.fr\/boutique\/wp-content\/uploads\/2024\/02\/galet-agate-mousse.jpg\" \/>\n\t<meta property=\"og:image:width\" content=\"1500\" \/>\n\t<meta property=\"og:image:height\" content=\"1500\" \/>\n\t<meta property=\"og:image:type\" content=\"image\/jpeg\" \/>\n<meta name=\"twitter:card\" content=\"summary_large_image\" \/>\n<meta name=\"twitter:label1\" content=\"Dur\u00e9e de lecture estim\u00e9e\" \/>\n\t<meta name=\"twitter:data1\" content=\"2 minutes\" \/>\n<script type=\"application\/ld+json\" class=\"yoast-schema-graph\">{\"@context\":\"https:\\\/\\\/schema.org\",\"@graph\":[{\"@type\":\"WebPage\",\"@id\":\"https:\\\/\\\/www.mapesteadoree.fr\\\/boutique\\\/bijoux\\\/galet-plat-agate-mousse\\\/\",\"url\":\"https:\\\/\\\/www.mapesteadoree.fr\\\/boutique\\\/bijoux\\\/galet-plat-agate-mousse\\\/\",\"name\":\"Galet Plat d'Agate mousse - Ma Peste Ador\u00e9e\",\"isPartOf\":{\"@id\":\"https:\\\/\\\/www.mapesteadoree.fr\\\/boutique\\\/#website\"},\"primaryImageOfPage\":{\"@id\":\"https:\\\/\\\/www.mapesteadoree.fr\\\/boutique\\\/bijoux\\\/galet-plat-agate-mousse\\\/#primaryimage\"},\"image\":{\"@id\":\"https:\\\/\\\/www.mapesteadoree.fr\\\/boutique\\\/bijoux\\\/galet-plat-agate-mousse\\\/#primaryimage\"},\"thumbnailUrl\":\"https:\\\/\\\/www.mapesteadoree.fr\\\/boutique\\\/wp-content\\\/uploads\\\/2024\\\/02\\\/galet-agate-mousse.jpg\",\"datePublished\":\"2024-02-27T10:43:41+00:00\",\"dateModified\":\"2025-09-10T20:33:23+00:00\",\"description\":\"La pierre d'agate mousse est un min\u00e9ral reli\u00e9 \u00e0 la terre et \u00e0 la nature. Cette pierre verte est li\u00e9e au chakra du coeur, elle aide \u00e0 \u00eatre en harmonie\",\"breadcrumb\":{\"@id\":\"https:\\\/\\\/www.mapesteadoree.fr\\\/boutique\\\/bijoux\\\/galet-plat-agate-mousse\\\/#breadcrumb\"},\"inLanguage\":\"fr-FR\",\"potentialAction\":[{\"@type\":\"ReadAction\",\"target\":[\"https:\\\/\\\/www.mapesteadoree.fr\\\/boutique\\\/bijoux\\\/galet-plat-agate-mousse\\\/\"]}]},{\"@type\":\"ImageObject\",\"inLanguage\":\"fr-FR\",\"@id\":\"https:\\\/\\\/www.mapesteadoree.fr\\\/boutique\\\/bijoux\\\/galet-plat-agate-mousse\\\/#primaryimage\",\"url\":\"https:\\\/\\\/www.mapesteadoree.fr\\\/boutique\\\/wp-content\\\/uploads\\\/2024\\\/02\\\/galet-agate-mousse.jpg\",\"contentUrl\":\"https:\\\/\\\/www.mapesteadoree.fr\\\/boutique\\\/wp-content\\\/uploads\\\/2024\\\/02\\\/galet-agate-mousse.jpg\",\"width\":1500,\"height\":1500,\"caption\":\"Galet plat d'agate mousse\"},{\"@type\":\"BreadcrumbList\",\"@id\":\"https:\\\/\\\/www.mapesteadoree.fr\\\/boutique\\\/bijoux\\\/galet-plat-agate-mousse\\\/#breadcrumb\",\"itemListElement\":[{\"@type\":\"ListItem\",\"position\":1,\"name\":\"Accueil\",\"item\":\"https:\\\/\\\/www.mapesteadoree.fr\\\/boutique\\\/\"},{\"@type\":\"ListItem\",\"position\":2,\"name\":\"Boutique de bijoux uniques en pierres naturelles\",\"item\":\"https:\\\/\\\/www.mapesteadoree.fr\\\/boutique\\\/\"},{\"@type\":\"ListItem\",\"position\":3,\"name\":\"Galet Plat d&rsquo;Agate mousse\"}]},{\"@type\":\"WebSite\",\"@id\":\"https:\\\/\\\/www.mapesteadoree.fr\\\/boutique\\\/#website\",\"url\":\"https:\\\/\\\/www.mapesteadoree.fr\\\/boutique\\\/\",\"name\":\"Ma Peste Ador\u00e9e\",\"description\":\"\",\"publisher\":{\"@id\":\"https:\\\/\\\/www.mapesteadoree.fr\\\/boutique\\\/#organization\"},\"potentialAction\":[{\"@type\":\"SearchAction\",\"target\":{\"@type\":\"EntryPoint\",\"urlTemplate\":\"https:\\\/\\\/www.mapesteadoree.fr\\\/boutique\\\/?s={search_term_string}\"},\"query-input\":{\"@type\":\"PropertyValueSpecification\",\"valueRequired\":true,\"valueName\":\"search_term_string\"}}],\"inLanguage\":\"fr-FR\"},{\"@type\":\"Organization\",\"@id\":\"https:\\\/\\\/www.mapesteadoree.fr\\\/boutique\\\/#organization\",\"name\":\"Ma Peste Ador\u00e9e\",\"url\":\"https:\\\/\\\/www.mapesteadoree.fr\\\/boutique\\\/\",\"logo\":{\"@type\":\"ImageObject\",\"inLanguage\":\"fr-FR\",\"@id\":\"https:\\\/\\\/www.mapesteadoree.fr\\\/boutique\\\/#\\\/schema\\\/logo\\\/image\\\/\",\"url\":\"https:\\\/\\\/www.mapesteadoree.fr\\\/boutique\\\/wp-content\\\/uploads\\\/2024\\\/10\\\/cropped-logo-mpa-2024.png\",\"contentUrl\":\"https:\\\/\\\/www.mapesteadoree.fr\\\/boutique\\\/wp-content\\\/uploads\\\/2024\\\/10\\\/cropped-logo-mpa-2024.png\",\"width\":470,\"height\":110,\"caption\":\"Ma Peste Ador\u00e9e\"},\"image\":{\"@id\":\"https:\\\/\\\/www.mapesteadoree.fr\\\/boutique\\\/#\\\/schema\\\/logo\\\/image\\\/\"}}]}<\/script>\n<!-- \/ Yoast SEO plugin. -->","yoast_head_json":{"title":"Galet Plat d'Agate mousse - Ma Peste Ador\u00e9e","description":"La pierre d'agate mousse est un min\u00e9ral reli\u00e9 \u00e0 la terre et \u00e0 la nature. Cette pierre verte est li\u00e9e au chakra du coeur, elle aide \u00e0 \u00eatre en harmonie","robots":{"index":"index","follow":"follow","max-snippet":"max-snippet:-1","max-image-preview":"max-image-preview:large","max-video-preview":"max-video-preview:-1"},"canonical":"https:\/\/www.mapesteadoree.fr\/boutique\/bijoux\/galet-plat-agate-mousse\/","og_locale":"fr_FR","og_type":"article","og_title":"Galet Plat d'Agate mousse - Ma Peste Ador\u00e9e","og_description":"La pierre d'agate mousse est un min\u00e9ral reli\u00e9 \u00e0 la terre et \u00e0 la nature. Cette pierre verte est li\u00e9e au chakra du coeur, elle aide \u00e0 \u00eatre en harmonie","og_url":"https:\/\/www.mapesteadoree.fr\/boutique\/bijoux\/galet-plat-agate-mousse\/","og_site_name":"Ma Peste Ador\u00e9e","article_modified_time":"2025-09-10T20:33:23+00:00","og_image":[{"width":1500,"height":1500,"url":"https:\/\/www.mapesteadoree.fr\/boutique\/wp-content\/uploads\/2024\/02\/galet-agate-mousse.jpg","type":"image\/jpeg"}],"twitter_card":"summary_large_image","twitter_misc":{"Dur\u00e9e de lecture estim\u00e9e":"2 minutes"},"schema":{"@context":"https:\/\/schema.org","@graph":[{"@type":"WebPage","@id":"https:\/\/www.mapesteadoree.fr\/boutique\/bijoux\/galet-plat-agate-mousse\/","url":"https:\/\/www.mapesteadoree.fr\/boutique\/bijoux\/galet-plat-agate-mousse\/","name":"Galet Plat d'Agate mousse - Ma Peste Ador\u00e9e","isPartOf":{"@id":"https:\/\/www.mapesteadoree.fr\/boutique\/#website"},"primaryImageOfPage":{"@id":"https:\/\/www.mapesteadoree.fr\/boutique\/bijoux\/galet-plat-agate-mousse\/#primaryimage"},"image":{"@id":"https:\/\/www.mapesteadoree.fr\/boutique\/bijoux\/galet-plat-agate-mousse\/#primaryimage"},"thumbnailUrl":"https:\/\/www.mapesteadoree.fr\/boutique\/wp-content\/uploads\/2024\/02\/galet-agate-mousse.jpg","datePublished":"2024-02-27T10:43:41+00:00","dateModified":"2025-09-10T20:33:23+00:00","description":"La pierre d'agate mousse est un min\u00e9ral reli\u00e9 \u00e0 la terre et \u00e0 la nature. Cette pierre verte est li\u00e9e au chakra du coeur, elle aide \u00e0 \u00eatre en harmonie","breadcrumb":{"@id":"https:\/\/www.mapesteadoree.fr\/boutique\/bijoux\/galet-plat-agate-mousse\/#breadcrumb"},"inLanguage":"fr-FR","potentialAction":[{"@type":"ReadAction","target":["https:\/\/www.mapesteadoree.fr\/boutique\/bijoux\/galet-plat-agate-mousse\/"]}]},{"@type":"ImageObject","inLanguage":"fr-FR","@id":"https:\/\/www.mapesteadoree.fr\/boutique\/bijoux\/galet-plat-agate-mousse\/#primaryimage","url":"https:\/\/www.mapesteadoree.fr\/boutique\/wp-content\/uploads\/2024\/02\/galet-agate-mousse.jpg","contentUrl":"https:\/\/www.mapesteadoree.fr\/boutique\/wp-content\/uploads\/2024\/02\/galet-agate-mousse.jpg","width":1500,"height":1500,"caption":"Galet plat d'agate mousse"},{"@type":"BreadcrumbList","@id":"https:\/\/www.mapesteadoree.fr\/boutique\/bijoux\/galet-plat-agate-mousse\/#breadcrumb","itemListElement":[{"@type":"ListItem","position":1,"name":"Accueil","item":"https:\/\/www.mapesteadoree.fr\/boutique\/"},{"@type":"ListItem","position":2,"name":"Boutique de bijoux uniques en pierres naturelles","item":"https:\/\/www.mapesteadoree.fr\/boutique\/"},{"@type":"ListItem","position":3,"name":"Galet Plat d&rsquo;Agate mousse"}]},{"@type":"WebSite","@id":"https:\/\/www.mapesteadoree.fr\/boutique\/#website","url":"https:\/\/www.mapesteadoree.fr\/boutique\/","name":"Ma Peste Ador\u00e9e","description":"","publisher":{"@id":"https:\/\/www.mapesteadoree.fr\/boutique\/#organization"},"potentialAction":[{"@type":"SearchAction","target":{"@type":"EntryPoint","urlTemplate":"https:\/\/www.mapesteadoree.fr\/boutique\/?s={search_term_string}"},"query-input":{"@type":"PropertyValueSpecification","valueRequired":true,"valueName":"search_term_string"}}],"inLanguage":"fr-FR"},{"@type":"Organization","@id":"https:\/\/www.mapesteadoree.fr\/boutique\/#organization","name":"Ma Peste Ador\u00e9e","url":"https:\/\/www.mapesteadoree.fr\/boutique\/","logo":{"@type":"ImageObject","inLanguage":"fr-FR","@id":"https:\/\/www.mapesteadoree.fr\/boutique\/#\/schema\/logo\/image\/","url":"https:\/\/www.mapesteadoree.fr\/boutique\/wp-content\/uploads\/2024\/10\/cropped-logo-mpa-2024.png","contentUrl":"https:\/\/www.mapesteadoree.fr\/boutique\/wp-content\/uploads\/2024\/10\/cropped-logo-mpa-2024.png","width":470,"height":110,"caption":"Ma Peste Ador\u00e9e"},"image":{"@id":"https:\/\/www.mapesteadoree.fr\/boutique\/#\/schema\/logo\/image\/"}}]}},"wcpa_form_fields":null,"_links":{"self":[{"href":"https:\/\/www.mapesteadoree.fr\/boutique\/wp-json\/wp\/v2\/product\/52081","targetHints":{"allow":["GET"]}}],"collection":[{"href":"https:\/\/www.mapesteadoree.fr\/boutique\/wp-json\/wp\/v2\/product"}],"about":[{"href":"https:\/\/www.mapesteadoree.fr\/boutique\/wp-json\/wp\/v2\/types\/product"}],"replies":[{"embeddable":true,"href":"https:\/\/www.mapesteadoree.fr\/boutique\/wp-json\/wp\/v2\/comments?post=52081"}],"wp:featuredmedia":[{"embeddable":true,"href":"https:\/\/www.mapesteadoree.fr\/boutique\/wp-json\/wp\/v2\/media\/57721"}],"wp:attachment":[{"href":"https:\/\/www.mapesteadoree.fr\/boutique\/wp-json\/wp\/v2\/media?parent=52081"}],"wp:term":[{"taxonomy":"product_brand","embeddable":true,"href":"https:\/\/www.mapesteadoree.fr\/boutique\/wp-json\/wp\/v2\/product_brand?post=52081"},{"taxonomy":"product_cat","embeddable":true,"href":"https:\/\/www.mapesteadoree.fr\/boutique\/wp-json\/wp\/v2\/product_cat?post=52081"},{"taxonomy":"product_tag","embeddable":true,"href":"https:\/\/www.mapesteadoree.fr\/boutique\/wp-json\/wp\/v2\/product_tag?post=52081"}],"curies":[{"name":"wp","href":"https:\/\/api.w.org\/{rel}","templated":true}]}}