{"id":49816,"date":"2023-01-23T10:41:44","date_gmt":"2023-01-23T09:41:44","guid":{"rendered":"https:\/\/www.mapesteadoree.fr\/boutique\/?post_type=product&#038;p=49816"},"modified":"2026-04-22T08:44:39","modified_gmt":"2026-04-22T06:44:39","slug":"galet-plat-de-lepidolite","status":"publish","type":"product","link":"https:\/\/www.mapesteadoree.fr\/boutique\/bijoux\/galet-plat-de-lepidolite\/","title":{"rendered":"Galet Plat de L\u00e9pidolite"},"content":{"rendered":"<h1>La L\u00e9pidolite : la pierre de la s\u00e9r\u00e9nit\u00e9<\/h1>\n<p>Voici un galet plat de mica l\u00e9pidolite , il a une taille parfaite pour le garder dans sa poche, dans un sac, un cartable ou dans une chambre (sur une commode, une table de chevet). Il n&rsquo;est ni trop grand, ni trop petit, que ce soit pour un enfant ou un adulte, cette l\u00e9pidolite est une pierre de lithoth\u00e9rapie \u00a0vraiment parfaite !<\/p>\n<ul>\n<li>Taille du galet : environ 3,5-4cm x 4-6cm<\/li>\n<li>Poids : entre 35 et 55g selon la forme<\/li>\n<li>Origine : Br\u00e9sil<\/li>\n<\/ul>\n<p>Chaque pierre est naturelle donc la forme comme la couleur peut varier. Chaque exemplaire est donc totalement unique et celui que vous recevrez est celui qui vous \u00e9tait destin\u00e9..<\/p>\n<p><i>La L\u00e9pidolite est un min\u00e9ral connu pour\u00a0ses vertus de paix et de s\u00e9r\u00e9nit\u00e9. Il apaise les pens\u00e9es n\u00e9gatives, chasse la col\u00e8re, le chagrin ou encore la tristesse. La l\u00e9pidolite aide\u00a0\u00e9galement \u00e0 combattre les troubles compulsifs, les phobies, et\u00a0particuli\u00e8rement les phobies sociales ou\u00a0troubles d&rsquo;anxi\u00e9t\u00e9 sociale comme la phobie scolaire, l&rsquo;agoraphobie, l&rsquo;anthropophobie, la\u00a0n\u00e9vrose sociale&#8230;<\/i><\/p>\n<h2>La L\u00e9pidolite : la pierre qui aide \u00e0 \u00a0calmer les esprits stress\u00e9s<\/h2>\n<p>La pierre naturelle de L\u00e9pidolite est une pierre qui aide \u00e0 g\u00e9rer ses \u00e9motions fortes, \u00e0 garder son calme. \u00a0Elle poss\u00e8de de nombreux bienfaits :<\/p>\n<ul class=\"i8Z77e\">\n<li>C&rsquo;est une pierre de calme, d&rsquo;apaisement, de paix et de s\u00e9r\u00e9nit\u00e9.<\/li>\n<li>Elle apaise les pens\u00e9es n\u00e9gatives, le stress, les angoisses et la tristesse.<\/li>\n<li>Elle stabilise les \u00e9motions.<\/li>\n<li>Elle aide \u00e0 se concentrer et \u00e0 se focaliser sur l\u2019essentiel. Elle aide \u00e0 prendre des d\u00e9cisions objectives.<\/li>\n<li>Ce min\u00e9ral permet de pr\u00e9server son calme m\u00eame s&rsquo;il y a de l&rsquo;agitation autour.<\/li>\n<li>Elle permet d&rsquo;avoir un sommeil apais\u00e9 et serein.<\/li>\n<li>C\u2019est une excellente pierre naturelle pour les personnes qui sont toujours inqui\u00e8tes ou qui souffrent de peur excessive et r\u00e9guli\u00e8re<\/li>\n<li>Cette pierre favorise l&rsquo;\u00e9volution des sens spirituels et le d\u00e9veloppement de l\u2019\u00e2me. Elle \u00e9l\u00e8ve \u00e0 des niveaux sup\u00e9rieurs de conscience.<\/li>\n<li>Elle aide \u00e0 de lutter contre les troubles compulsifs du comportement, mais aussi contre les phobies sociales, tel que l&rsquo;agoraphobie, l&rsquo;anthropophobie ou encore l&rsquo;anxi\u00e9t\u00e9 ou la\u00a0n\u00e9vrose sociale. Elle soulage les craintes\u00a0des grands espaces et des lieux publics. Elle aide en cas de phobie scolaire.<\/li>\n<li>La l\u00e9pidolite permet de lutter contre les d\u00e9pendances, les troubles du sommeil et \u00a0les obsessions de toutes sortes.<\/li>\n<li>De par des bienfaits psychiques puissants, c&rsquo;est\u00a0un min\u00e9ral\u00a0particuli\u00e8rement efficace pour lutter contre certaines maladies comme la bipolarit\u00e9, la d\u00e9pression ou l&rsquo;anxi\u00e9t\u00e9 chronique.<\/li>\n<\/ul>\n<p><strong>La L\u00e9pidolite permet aux personnes tr\u00e8s angoiss\u00e9es,\u00a0inqui\u00e8tes et stress\u00e9es de retrouver le calme int\u00e9rieur, de mieux\u00a0g\u00e9rer les \u00e9motions fortes\u00a0<\/strong><b>difficiles \u00e0 g\u00e9rer.\u00a0<\/b><\/p>\n<p><em>Sur le plan holistique, la l\u00e9pidolite <b>est associ\u00e9e au chakra frontal, le chakra du troisi\u00e8me \u0153il<\/b>. C&rsquo;est le chakra du si\u00e8ge de la conscience : il aide \u00e0 harmoniser et \u00e9quilibrer les \u00e9nergies. La l\u00e9pidolite est une pierre d&rsquo;\u00e9quilibre et de conscience puissante.<\/em><\/p>\n","protected":false},"excerpt":{"rendered":"<p>Galet plat de L\u00e9pidolite, originaire du Br\u00e9sil. Cette pierre a la taille parfaite pour un enfant ou un adulte, \u00e0 garder dans la poche ou \u00e0 poser dans une chambre. Cette pierre puissante est connue pour ses bienfaits li\u00e9s \u00e0 la gestion du stress et des angoisses intenses, allant de la simple d\u00e9prime \u00e0 l&rsquo;agoraphobie ou la bipolarit\u00e9.<\/p>\n","protected":false},"featured_media":57742,"comment_status":"open","ping_status":"closed","template":"","meta":[],"product_brand":[],"product_cat":[25,1997,26],"product_tag":[],"class_list":{"0":"post-49816","1":"product","2":"type-product","3":"status-publish","4":"has-post-thumbnail","6":"product_cat-accessoires","7":"product_cat-mineraux","8":"product_cat-pierres-naturelles","10":"first","11":"instock","12":"shipping-taxable","13":"purchasable","14":"product-type-simple"},"acf":[],"yoast_head":"<!-- This site is optimized with the Yoast SEO plugin v27.6 - https:\/\/yoast.com\/product\/yoast-seo-wordpress\/ -->\n<title>Galet Plat de L\u00e9pidolite - Ma Peste Ador\u00e9e<\/title>\n<meta name=\"description\" content=\"Galet plat de l\u00e9pidolite : c&#039;est la pierre qui calme les esprit agit\u00e9s, inquiets et stress\u00e9s. Elle permet de retrouver la s\u00e9r\u00e9nit\u00e9 et le sommeil apais\u00e9.\" \/>\n<meta name=\"robots\" content=\"index, follow, max-snippet:-1, max-image-preview:large, max-video-preview:-1\" \/>\n<link rel=\"canonical\" href=\"https:\/\/www.mapesteadoree.fr\/boutique\/bijoux\/galet-plat-de-lepidolite\/\" \/>\n<meta property=\"og:locale\" content=\"fr_FR\" \/>\n<meta property=\"og:type\" content=\"article\" \/>\n<meta property=\"og:title\" content=\"Galet Plat de L\u00e9pidolite - Ma Peste Ador\u00e9e\" \/>\n<meta property=\"og:description\" content=\"Galet plat de l\u00e9pidolite : c&#039;est la pierre qui calme les esprit agit\u00e9s, inquiets et stress\u00e9s. Elle permet de retrouver la s\u00e9r\u00e9nit\u00e9 et le sommeil apais\u00e9.\" \/>\n<meta property=\"og:url\" content=\"https:\/\/www.mapesteadoree.fr\/boutique\/bijoux\/galet-plat-de-lepidolite\/\" \/>\n<meta property=\"og:site_name\" content=\"Ma Peste Ador\u00e9e\" \/>\n<meta property=\"article:modified_time\" content=\"2026-04-22T06:44:39+00:00\" \/>\n<meta property=\"og:image\" content=\"https:\/\/www.mapesteadoree.fr\/boutique\/wp-content\/uploads\/2024\/02\/lepidolite-proprietes.jpg\" \/>\n\t<meta property=\"og:image:width\" content=\"1500\" \/>\n\t<meta property=\"og:image:height\" content=\"1500\" \/>\n\t<meta property=\"og:image:type\" content=\"image\/jpeg\" \/>\n<meta name=\"twitter:card\" content=\"summary_large_image\" \/>\n<meta name=\"twitter:label1\" content=\"Dur\u00e9e de lecture estim\u00e9e\" \/>\n\t<meta name=\"twitter:data1\" content=\"3 minutes\" \/>\n<script type=\"application\/ld+json\" class=\"yoast-schema-graph\">{\"@context\":\"https:\\\/\\\/schema.org\",\"@graph\":[{\"@type\":\"WebPage\",\"@id\":\"https:\\\/\\\/www.mapesteadoree.fr\\\/boutique\\\/bijoux\\\/galet-plat-de-lepidolite\\\/\",\"url\":\"https:\\\/\\\/www.mapesteadoree.fr\\\/boutique\\\/bijoux\\\/galet-plat-de-lepidolite\\\/\",\"name\":\"Galet Plat de L\u00e9pidolite - Ma Peste Ador\u00e9e\",\"isPartOf\":{\"@id\":\"https:\\\/\\\/www.mapesteadoree.fr\\\/boutique\\\/#website\"},\"primaryImageOfPage\":{\"@id\":\"https:\\\/\\\/www.mapesteadoree.fr\\\/boutique\\\/bijoux\\\/galet-plat-de-lepidolite\\\/#primaryimage\"},\"image\":{\"@id\":\"https:\\\/\\\/www.mapesteadoree.fr\\\/boutique\\\/bijoux\\\/galet-plat-de-lepidolite\\\/#primaryimage\"},\"thumbnailUrl\":\"https:\\\/\\\/www.mapesteadoree.fr\\\/boutique\\\/wp-content\\\/uploads\\\/2024\\\/02\\\/lepidolite-proprietes.jpg\",\"datePublished\":\"2023-01-23T09:41:44+00:00\",\"dateModified\":\"2026-04-22T06:44:39+00:00\",\"description\":\"Galet plat de l\u00e9pidolite : c'est la pierre qui calme les esprit agit\u00e9s, inquiets et stress\u00e9s. Elle permet de retrouver la s\u00e9r\u00e9nit\u00e9 et le sommeil apais\u00e9.\",\"breadcrumb\":{\"@id\":\"https:\\\/\\\/www.mapesteadoree.fr\\\/boutique\\\/bijoux\\\/galet-plat-de-lepidolite\\\/#breadcrumb\"},\"inLanguage\":\"fr-FR\",\"potentialAction\":[{\"@type\":\"ReadAction\",\"target\":[\"https:\\\/\\\/www.mapesteadoree.fr\\\/boutique\\\/bijoux\\\/galet-plat-de-lepidolite\\\/\"]}]},{\"@type\":\"ImageObject\",\"inLanguage\":\"fr-FR\",\"@id\":\"https:\\\/\\\/www.mapesteadoree.fr\\\/boutique\\\/bijoux\\\/galet-plat-de-lepidolite\\\/#primaryimage\",\"url\":\"https:\\\/\\\/www.mapesteadoree.fr\\\/boutique\\\/wp-content\\\/uploads\\\/2024\\\/02\\\/lepidolite-proprietes.jpg\",\"contentUrl\":\"https:\\\/\\\/www.mapesteadoree.fr\\\/boutique\\\/wp-content\\\/uploads\\\/2024\\\/02\\\/lepidolite-proprietes.jpg\",\"width\":1500,\"height\":1500,\"caption\":\"Galet plat de l\u00e9pidolite\"},{\"@type\":\"BreadcrumbList\",\"@id\":\"https:\\\/\\\/www.mapesteadoree.fr\\\/boutique\\\/bijoux\\\/galet-plat-de-lepidolite\\\/#breadcrumb\",\"itemListElement\":[{\"@type\":\"ListItem\",\"position\":1,\"name\":\"Accueil\",\"item\":\"https:\\\/\\\/www.mapesteadoree.fr\\\/boutique\\\/\"},{\"@type\":\"ListItem\",\"position\":2,\"name\":\"Boutique de bijoux uniques en pierres naturelles\",\"item\":\"https:\\\/\\\/www.mapesteadoree.fr\\\/boutique\\\/\"},{\"@type\":\"ListItem\",\"position\":3,\"name\":\"Galet Plat de L\u00e9pidolite\"}]},{\"@type\":\"WebSite\",\"@id\":\"https:\\\/\\\/www.mapesteadoree.fr\\\/boutique\\\/#website\",\"url\":\"https:\\\/\\\/www.mapesteadoree.fr\\\/boutique\\\/\",\"name\":\"Ma Peste Ador\u00e9e\",\"description\":\"\",\"publisher\":{\"@id\":\"https:\\\/\\\/www.mapesteadoree.fr\\\/boutique\\\/#organization\"},\"potentialAction\":[{\"@type\":\"SearchAction\",\"target\":{\"@type\":\"EntryPoint\",\"urlTemplate\":\"https:\\\/\\\/www.mapesteadoree.fr\\\/boutique\\\/?s={search_term_string}\"},\"query-input\":{\"@type\":\"PropertyValueSpecification\",\"valueRequired\":true,\"valueName\":\"search_term_string\"}}],\"inLanguage\":\"fr-FR\"},{\"@type\":\"Organization\",\"@id\":\"https:\\\/\\\/www.mapesteadoree.fr\\\/boutique\\\/#organization\",\"name\":\"Ma Peste Ador\u00e9e\",\"url\":\"https:\\\/\\\/www.mapesteadoree.fr\\\/boutique\\\/\",\"logo\":{\"@type\":\"ImageObject\",\"inLanguage\":\"fr-FR\",\"@id\":\"https:\\\/\\\/www.mapesteadoree.fr\\\/boutique\\\/#\\\/schema\\\/logo\\\/image\\\/\",\"url\":\"https:\\\/\\\/www.mapesteadoree.fr\\\/boutique\\\/wp-content\\\/uploads\\\/2024\\\/10\\\/cropped-logo-mpa-2024.png\",\"contentUrl\":\"https:\\\/\\\/www.mapesteadoree.fr\\\/boutique\\\/wp-content\\\/uploads\\\/2024\\\/10\\\/cropped-logo-mpa-2024.png\",\"width\":470,\"height\":110,\"caption\":\"Ma Peste Ador\u00e9e\"},\"image\":{\"@id\":\"https:\\\/\\\/www.mapesteadoree.fr\\\/boutique\\\/#\\\/schema\\\/logo\\\/image\\\/\"}}]}<\/script>\n<!-- \/ Yoast SEO plugin. -->","yoast_head_json":{"title":"Galet Plat de L\u00e9pidolite - Ma Peste Ador\u00e9e","description":"Galet plat de l\u00e9pidolite : c'est la pierre qui calme les esprit agit\u00e9s, inquiets et stress\u00e9s. Elle permet de retrouver la s\u00e9r\u00e9nit\u00e9 et le sommeil apais\u00e9.","robots":{"index":"index","follow":"follow","max-snippet":"max-snippet:-1","max-image-preview":"max-image-preview:large","max-video-preview":"max-video-preview:-1"},"canonical":"https:\/\/www.mapesteadoree.fr\/boutique\/bijoux\/galet-plat-de-lepidolite\/","og_locale":"fr_FR","og_type":"article","og_title":"Galet Plat de L\u00e9pidolite - Ma Peste Ador\u00e9e","og_description":"Galet plat de l\u00e9pidolite : c'est la pierre qui calme les esprit agit\u00e9s, inquiets et stress\u00e9s. Elle permet de retrouver la s\u00e9r\u00e9nit\u00e9 et le sommeil apais\u00e9.","og_url":"https:\/\/www.mapesteadoree.fr\/boutique\/bijoux\/galet-plat-de-lepidolite\/","og_site_name":"Ma Peste Ador\u00e9e","article_modified_time":"2026-04-22T06:44:39+00:00","og_image":[{"width":1500,"height":1500,"url":"https:\/\/www.mapesteadoree.fr\/boutique\/wp-content\/uploads\/2024\/02\/lepidolite-proprietes.jpg","type":"image\/jpeg"}],"twitter_card":"summary_large_image","twitter_misc":{"Dur\u00e9e de lecture estim\u00e9e":"3 minutes"},"schema":{"@context":"https:\/\/schema.org","@graph":[{"@type":"WebPage","@id":"https:\/\/www.mapesteadoree.fr\/boutique\/bijoux\/galet-plat-de-lepidolite\/","url":"https:\/\/www.mapesteadoree.fr\/boutique\/bijoux\/galet-plat-de-lepidolite\/","name":"Galet Plat de L\u00e9pidolite - Ma Peste Ador\u00e9e","isPartOf":{"@id":"https:\/\/www.mapesteadoree.fr\/boutique\/#website"},"primaryImageOfPage":{"@id":"https:\/\/www.mapesteadoree.fr\/boutique\/bijoux\/galet-plat-de-lepidolite\/#primaryimage"},"image":{"@id":"https:\/\/www.mapesteadoree.fr\/boutique\/bijoux\/galet-plat-de-lepidolite\/#primaryimage"},"thumbnailUrl":"https:\/\/www.mapesteadoree.fr\/boutique\/wp-content\/uploads\/2024\/02\/lepidolite-proprietes.jpg","datePublished":"2023-01-23T09:41:44+00:00","dateModified":"2026-04-22T06:44:39+00:00","description":"Galet plat de l\u00e9pidolite : c'est la pierre qui calme les esprit agit\u00e9s, inquiets et stress\u00e9s. Elle permet de retrouver la s\u00e9r\u00e9nit\u00e9 et le sommeil apais\u00e9.","breadcrumb":{"@id":"https:\/\/www.mapesteadoree.fr\/boutique\/bijoux\/galet-plat-de-lepidolite\/#breadcrumb"},"inLanguage":"fr-FR","potentialAction":[{"@type":"ReadAction","target":["https:\/\/www.mapesteadoree.fr\/boutique\/bijoux\/galet-plat-de-lepidolite\/"]}]},{"@type":"ImageObject","inLanguage":"fr-FR","@id":"https:\/\/www.mapesteadoree.fr\/boutique\/bijoux\/galet-plat-de-lepidolite\/#primaryimage","url":"https:\/\/www.mapesteadoree.fr\/boutique\/wp-content\/uploads\/2024\/02\/lepidolite-proprietes.jpg","contentUrl":"https:\/\/www.mapesteadoree.fr\/boutique\/wp-content\/uploads\/2024\/02\/lepidolite-proprietes.jpg","width":1500,"height":1500,"caption":"Galet plat de l\u00e9pidolite"},{"@type":"BreadcrumbList","@id":"https:\/\/www.mapesteadoree.fr\/boutique\/bijoux\/galet-plat-de-lepidolite\/#breadcrumb","itemListElement":[{"@type":"ListItem","position":1,"name":"Accueil","item":"https:\/\/www.mapesteadoree.fr\/boutique\/"},{"@type":"ListItem","position":2,"name":"Boutique de bijoux uniques en pierres naturelles","item":"https:\/\/www.mapesteadoree.fr\/boutique\/"},{"@type":"ListItem","position":3,"name":"Galet Plat de L\u00e9pidolite"}]},{"@type":"WebSite","@id":"https:\/\/www.mapesteadoree.fr\/boutique\/#website","url":"https:\/\/www.mapesteadoree.fr\/boutique\/","name":"Ma Peste Ador\u00e9e","description":"","publisher":{"@id":"https:\/\/www.mapesteadoree.fr\/boutique\/#organization"},"potentialAction":[{"@type":"SearchAction","target":{"@type":"EntryPoint","urlTemplate":"https:\/\/www.mapesteadoree.fr\/boutique\/?s={search_term_string}"},"query-input":{"@type":"PropertyValueSpecification","valueRequired":true,"valueName":"search_term_string"}}],"inLanguage":"fr-FR"},{"@type":"Organization","@id":"https:\/\/www.mapesteadoree.fr\/boutique\/#organization","name":"Ma Peste Ador\u00e9e","url":"https:\/\/www.mapesteadoree.fr\/boutique\/","logo":{"@type":"ImageObject","inLanguage":"fr-FR","@id":"https:\/\/www.mapesteadoree.fr\/boutique\/#\/schema\/logo\/image\/","url":"https:\/\/www.mapesteadoree.fr\/boutique\/wp-content\/uploads\/2024\/10\/cropped-logo-mpa-2024.png","contentUrl":"https:\/\/www.mapesteadoree.fr\/boutique\/wp-content\/uploads\/2024\/10\/cropped-logo-mpa-2024.png","width":470,"height":110,"caption":"Ma Peste Ador\u00e9e"},"image":{"@id":"https:\/\/www.mapesteadoree.fr\/boutique\/#\/schema\/logo\/image\/"}}]}},"wcpa_form_fields":null,"_links":{"self":[{"href":"https:\/\/www.mapesteadoree.fr\/boutique\/wp-json\/wp\/v2\/product\/49816","targetHints":{"allow":["GET"]}}],"collection":[{"href":"https:\/\/www.mapesteadoree.fr\/boutique\/wp-json\/wp\/v2\/product"}],"about":[{"href":"https:\/\/www.mapesteadoree.fr\/boutique\/wp-json\/wp\/v2\/types\/product"}],"replies":[{"embeddable":true,"href":"https:\/\/www.mapesteadoree.fr\/boutique\/wp-json\/wp\/v2\/comments?post=49816"}],"wp:featuredmedia":[{"embeddable":true,"href":"https:\/\/www.mapesteadoree.fr\/boutique\/wp-json\/wp\/v2\/media\/57742"}],"wp:attachment":[{"href":"https:\/\/www.mapesteadoree.fr\/boutique\/wp-json\/wp\/v2\/media?parent=49816"}],"wp:term":[{"taxonomy":"product_brand","embeddable":true,"href":"https:\/\/www.mapesteadoree.fr\/boutique\/wp-json\/wp\/v2\/product_brand?post=49816"},{"taxonomy":"product_cat","embeddable":true,"href":"https:\/\/www.mapesteadoree.fr\/boutique\/wp-json\/wp\/v2\/product_cat?post=49816"},{"taxonomy":"product_tag","embeddable":true,"href":"https:\/\/www.mapesteadoree.fr\/boutique\/wp-json\/wp\/v2\/product_tag?post=49816"}],"curies":[{"name":"wp","href":"https:\/\/api.w.org\/{rel}","templated":true}]}}