{"id":32678,"date":"2018-11-11T14:31:38","date_gmt":"2018-11-11T13:31:38","guid":{"rendered":"https:\/\/gmqrapphj.preview.infomaniak.website\/produit\/medaille-gravee-en-acier-inoxydable-15mm\/"},"modified":"2025-12-31T15:02:05","modified_gmt":"2025-12-31T14:02:05","slug":"medaille-gravee-15mm","status":"publish","type":"product","link":"https:\/\/www.mapesteadoree.fr\/boutique\/bijoux\/medaille-gravee-15mm\/","title":{"rendered":"M\u00e9daille grav\u00e9e Suppl\u00e9mentaire"},"content":{"rendered":"<p>Pour ajouter un pr\u00e9nom, une date de naissance ou tout autre message personnel \u00e0 l&rsquo;une de mes cr\u00e9ations d\u00e9j\u00e0 achet\u00e9es, ou alors pour personnaliser un bijou \u00e0 vous.<\/p>\n<p>Vous avez le choix entre 3 types de m\u00e9dailles :<\/p>\n<ul>\n<li>M\u00e9daille 15mm de diam\u00e8tre en acier inox (couleur argent)<\/li>\n<li>M\u00e9daille 15mm de diam\u00e8tre en acier inox dor\u00e9<\/li>\n<li>M\u00e9daille 15mm de diam\u00e8tre en argent 925<\/li>\n<\/ul>\n<h2>Ajouter une nouvelle m\u00e9daille grav\u00e9e \u00e0 votre bijou<\/h2>\n<p>Si vous poss\u00e9dez d\u00e9j\u00e0 un bijou personnalis\u00e9, peut \u00eatre aimeriez vous ajouter une nouvelle m\u00e9daille grav\u00e9e pour porter \u00e0 votre poignet un nouveau pr\u00e9nom apr\u00e8s l&rsquo;arriv\u00e9e d&rsquo;un enfant par exemple.<\/p>\n<p>Il vous suffit de choisir le type de m\u00e9daille, la police d&rsquo;\u00e9criture, puis \u00a0de m&rsquo;indiquer la gravure en 20 caract\u00e8res maximum, recto et verso.<\/p>\n<p>La m\u00e9daille personnalis\u00e9e vous est envoy\u00e9e avec un petit anneau de jonction pour l&rsquo;ajouter facilement \u00e0\u00a0<a href=\"https:\/\/www.mapesteadoree.fr\/boutique\/\">votre bijou personnalis\u00e9.<\/a>\u00a0Il est ainsi tr\u00e8s facile de l&rsquo;ajouter au bijou existant (en ouvrant puis en refermant l&rsquo;anneau avec une pince plate)<\/p>\n","protected":false},"excerpt":{"rendered":"<p>Pour ajouter une m\u00e9daille \u00e0 un bijou, remplacer une m\u00e9daille perdue ou ab\u00eemer ou encore personnaliser une cr\u00e9ation&#8230; \u00a0Vous pouvez commander ici une m\u00e9daille \u00a015mm grav\u00e9e recto et verso en : acier inox, acier inox dor\u00e9 ou argent 925<\/p>\n","protected":false},"featured_media":55000,"comment_status":"open","ping_status":"closed","template":"","meta":[],"product_brand":[],"product_cat":[31],"product_tag":[],"class_list":{"0":"post-32678","1":"product","2":"type-product","3":"status-publish","4":"has-post-thumbnail","6":"product_cat-materiel-sav","7":"wcpa_has_options","9":"first","10":"instock","11":"shipping-taxable","12":"purchasable","13":"product-type-simple"},"acf":[],"yoast_head":"<!-- This site is optimized with the Yoast SEO plugin v27.5 - https:\/\/yoast.com\/product\/yoast-seo-wordpress\/ -->\n<title>M\u00e9daille grav\u00e9e et personnalis\u00e9e pour votre bijou<\/title>\n<meta name=\"description\" content=\"Ajoutez une nouvelle m\u00e9daille personnalis\u00e9e \u00e0 un bijou avec cette m\u00e9daille ronde de 15mm de diam\u00e8tre (acier inox ou argent 925)\" \/>\n<meta name=\"robots\" content=\"index, follow, max-snippet:-1, max-image-preview:large, max-video-preview:-1\" \/>\n<link rel=\"canonical\" href=\"https:\/\/www.mapesteadoree.fr\/boutique\/bijoux\/medaille-gravee-15mm\/\" \/>\n<meta property=\"og:locale\" content=\"fr_FR\" \/>\n<meta property=\"og:type\" content=\"article\" \/>\n<meta property=\"og:title\" content=\"M\u00e9daille grav\u00e9e et personnalis\u00e9e pour votre bijou\" \/>\n<meta property=\"og:description\" content=\"Ajoutez une nouvelle m\u00e9daille personnalis\u00e9e \u00e0 un bijou avec cette m\u00e9daille ronde de 15mm de diam\u00e8tre (acier inox ou argent 925)\" \/>\n<meta property=\"og:url\" content=\"https:\/\/www.mapesteadoree.fr\/boutique\/bijoux\/medaille-gravee-15mm\/\" \/>\n<meta property=\"og:site_name\" content=\"Ma Peste Ador\u00e9e\" \/>\n<meta property=\"article:modified_time\" content=\"2025-12-31T14:02:05+00:00\" \/>\n<meta property=\"og:image\" content=\"https:\/\/www.mapesteadoree.fr\/boutique\/wp-content\/uploads\/2018\/11\/medaille-gravee-sup.jpg\" \/>\n\t<meta property=\"og:image:width\" content=\"1500\" \/>\n\t<meta property=\"og:image:height\" content=\"1500\" \/>\n\t<meta property=\"og:image:type\" content=\"image\/jpeg\" \/>\n<meta name=\"twitter:card\" content=\"summary_large_image\" \/>\n<meta name=\"twitter:label1\" content=\"Dur\u00e9e de lecture estim\u00e9e\" \/>\n\t<meta name=\"twitter:data1\" content=\"1 minute\" \/>\n<script type=\"application\/ld+json\" class=\"yoast-schema-graph\">{\"@context\":\"https:\\\/\\\/schema.org\",\"@graph\":[{\"@type\":\"WebPage\",\"@id\":\"https:\\\/\\\/www.mapesteadoree.fr\\\/boutique\\\/bijoux\\\/medaille-gravee-15mm\\\/\",\"url\":\"https:\\\/\\\/www.mapesteadoree.fr\\\/boutique\\\/bijoux\\\/medaille-gravee-15mm\\\/\",\"name\":\"M\u00e9daille grav\u00e9e et personnalis\u00e9e pour votre bijou\",\"isPartOf\":{\"@id\":\"https:\\\/\\\/www.mapesteadoree.fr\\\/boutique\\\/#website\"},\"primaryImageOfPage\":{\"@id\":\"https:\\\/\\\/www.mapesteadoree.fr\\\/boutique\\\/bijoux\\\/medaille-gravee-15mm\\\/#primaryimage\"},\"image\":{\"@id\":\"https:\\\/\\\/www.mapesteadoree.fr\\\/boutique\\\/bijoux\\\/medaille-gravee-15mm\\\/#primaryimage\"},\"thumbnailUrl\":\"https:\\\/\\\/www.mapesteadoree.fr\\\/boutique\\\/wp-content\\\/uploads\\\/2018\\\/11\\\/medaille-gravee-sup.jpg\",\"datePublished\":\"2018-11-11T13:31:38+00:00\",\"dateModified\":\"2025-12-31T14:02:05+00:00\",\"description\":\"Ajoutez une nouvelle m\u00e9daille personnalis\u00e9e \u00e0 un bijou avec cette m\u00e9daille ronde de 15mm de diam\u00e8tre (acier inox ou argent 925)\",\"breadcrumb\":{\"@id\":\"https:\\\/\\\/www.mapesteadoree.fr\\\/boutique\\\/bijoux\\\/medaille-gravee-15mm\\\/#breadcrumb\"},\"inLanguage\":\"fr-FR\",\"potentialAction\":[{\"@type\":\"ReadAction\",\"target\":[\"https:\\\/\\\/www.mapesteadoree.fr\\\/boutique\\\/bijoux\\\/medaille-gravee-15mm\\\/\"]}]},{\"@type\":\"ImageObject\",\"inLanguage\":\"fr-FR\",\"@id\":\"https:\\\/\\\/www.mapesteadoree.fr\\\/boutique\\\/bijoux\\\/medaille-gravee-15mm\\\/#primaryimage\",\"url\":\"https:\\\/\\\/www.mapesteadoree.fr\\\/boutique\\\/wp-content\\\/uploads\\\/2018\\\/11\\\/medaille-gravee-sup.jpg\",\"contentUrl\":\"https:\\\/\\\/www.mapesteadoree.fr\\\/boutique\\\/wp-content\\\/uploads\\\/2018\\\/11\\\/medaille-gravee-sup.jpg\",\"width\":1500,\"height\":1500,\"caption\":\"Acheter facilement une m\u00e9daille grav\u00e9e avec message au choix\"},{\"@type\":\"BreadcrumbList\",\"@id\":\"https:\\\/\\\/www.mapesteadoree.fr\\\/boutique\\\/bijoux\\\/medaille-gravee-15mm\\\/#breadcrumb\",\"itemListElement\":[{\"@type\":\"ListItem\",\"position\":1,\"name\":\"Accueil\",\"item\":\"https:\\\/\\\/www.mapesteadoree.fr\\\/boutique\\\/\"},{\"@type\":\"ListItem\",\"position\":2,\"name\":\"Boutique de bijoux uniques en pierres naturelles\",\"item\":\"https:\\\/\\\/www.mapesteadoree.fr\\\/boutique\\\/\"},{\"@type\":\"ListItem\",\"position\":3,\"name\":\"M\u00e9daille grav\u00e9e Suppl\u00e9mentaire\"}]},{\"@type\":\"WebSite\",\"@id\":\"https:\\\/\\\/www.mapesteadoree.fr\\\/boutique\\\/#website\",\"url\":\"https:\\\/\\\/www.mapesteadoree.fr\\\/boutique\\\/\",\"name\":\"Ma Peste Ador\u00e9e\",\"description\":\"\",\"publisher\":{\"@id\":\"https:\\\/\\\/www.mapesteadoree.fr\\\/boutique\\\/#organization\"},\"potentialAction\":[{\"@type\":\"SearchAction\",\"target\":{\"@type\":\"EntryPoint\",\"urlTemplate\":\"https:\\\/\\\/www.mapesteadoree.fr\\\/boutique\\\/?s={search_term_string}\"},\"query-input\":{\"@type\":\"PropertyValueSpecification\",\"valueRequired\":true,\"valueName\":\"search_term_string\"}}],\"inLanguage\":\"fr-FR\"},{\"@type\":\"Organization\",\"@id\":\"https:\\\/\\\/www.mapesteadoree.fr\\\/boutique\\\/#organization\",\"name\":\"Ma Peste Ador\u00e9e\",\"url\":\"https:\\\/\\\/www.mapesteadoree.fr\\\/boutique\\\/\",\"logo\":{\"@type\":\"ImageObject\",\"inLanguage\":\"fr-FR\",\"@id\":\"https:\\\/\\\/www.mapesteadoree.fr\\\/boutique\\\/#\\\/schema\\\/logo\\\/image\\\/\",\"url\":\"https:\\\/\\\/www.mapesteadoree.fr\\\/boutique\\\/wp-content\\\/uploads\\\/2024\\\/10\\\/cropped-logo-mpa-2024.png\",\"contentUrl\":\"https:\\\/\\\/www.mapesteadoree.fr\\\/boutique\\\/wp-content\\\/uploads\\\/2024\\\/10\\\/cropped-logo-mpa-2024.png\",\"width\":470,\"height\":110,\"caption\":\"Ma Peste Ador\u00e9e\"},\"image\":{\"@id\":\"https:\\\/\\\/www.mapesteadoree.fr\\\/boutique\\\/#\\\/schema\\\/logo\\\/image\\\/\"}}]}<\/script>\n<!-- \/ Yoast SEO plugin. -->","yoast_head_json":{"title":"M\u00e9daille grav\u00e9e et personnalis\u00e9e pour votre bijou","description":"Ajoutez une nouvelle m\u00e9daille personnalis\u00e9e \u00e0 un bijou avec cette m\u00e9daille ronde de 15mm de diam\u00e8tre (acier inox ou argent 925)","robots":{"index":"index","follow":"follow","max-snippet":"max-snippet:-1","max-image-preview":"max-image-preview:large","max-video-preview":"max-video-preview:-1"},"canonical":"https:\/\/www.mapesteadoree.fr\/boutique\/bijoux\/medaille-gravee-15mm\/","og_locale":"fr_FR","og_type":"article","og_title":"M\u00e9daille grav\u00e9e et personnalis\u00e9e pour votre bijou","og_description":"Ajoutez une nouvelle m\u00e9daille personnalis\u00e9e \u00e0 un bijou avec cette m\u00e9daille ronde de 15mm de diam\u00e8tre (acier inox ou argent 925)","og_url":"https:\/\/www.mapesteadoree.fr\/boutique\/bijoux\/medaille-gravee-15mm\/","og_site_name":"Ma Peste Ador\u00e9e","article_modified_time":"2025-12-31T14:02:05+00:00","og_image":[{"width":1500,"height":1500,"url":"https:\/\/www.mapesteadoree.fr\/boutique\/wp-content\/uploads\/2018\/11\/medaille-gravee-sup.jpg","type":"image\/jpeg"}],"twitter_card":"summary_large_image","twitter_misc":{"Dur\u00e9e de lecture estim\u00e9e":"1 minute"},"schema":{"@context":"https:\/\/schema.org","@graph":[{"@type":"WebPage","@id":"https:\/\/www.mapesteadoree.fr\/boutique\/bijoux\/medaille-gravee-15mm\/","url":"https:\/\/www.mapesteadoree.fr\/boutique\/bijoux\/medaille-gravee-15mm\/","name":"M\u00e9daille grav\u00e9e et personnalis\u00e9e pour votre bijou","isPartOf":{"@id":"https:\/\/www.mapesteadoree.fr\/boutique\/#website"},"primaryImageOfPage":{"@id":"https:\/\/www.mapesteadoree.fr\/boutique\/bijoux\/medaille-gravee-15mm\/#primaryimage"},"image":{"@id":"https:\/\/www.mapesteadoree.fr\/boutique\/bijoux\/medaille-gravee-15mm\/#primaryimage"},"thumbnailUrl":"https:\/\/www.mapesteadoree.fr\/boutique\/wp-content\/uploads\/2018\/11\/medaille-gravee-sup.jpg","datePublished":"2018-11-11T13:31:38+00:00","dateModified":"2025-12-31T14:02:05+00:00","description":"Ajoutez une nouvelle m\u00e9daille personnalis\u00e9e \u00e0 un bijou avec cette m\u00e9daille ronde de 15mm de diam\u00e8tre (acier inox ou argent 925)","breadcrumb":{"@id":"https:\/\/www.mapesteadoree.fr\/boutique\/bijoux\/medaille-gravee-15mm\/#breadcrumb"},"inLanguage":"fr-FR","potentialAction":[{"@type":"ReadAction","target":["https:\/\/www.mapesteadoree.fr\/boutique\/bijoux\/medaille-gravee-15mm\/"]}]},{"@type":"ImageObject","inLanguage":"fr-FR","@id":"https:\/\/www.mapesteadoree.fr\/boutique\/bijoux\/medaille-gravee-15mm\/#primaryimage","url":"https:\/\/www.mapesteadoree.fr\/boutique\/wp-content\/uploads\/2018\/11\/medaille-gravee-sup.jpg","contentUrl":"https:\/\/www.mapesteadoree.fr\/boutique\/wp-content\/uploads\/2018\/11\/medaille-gravee-sup.jpg","width":1500,"height":1500,"caption":"Acheter facilement une m\u00e9daille grav\u00e9e avec message au choix"},{"@type":"BreadcrumbList","@id":"https:\/\/www.mapesteadoree.fr\/boutique\/bijoux\/medaille-gravee-15mm\/#breadcrumb","itemListElement":[{"@type":"ListItem","position":1,"name":"Accueil","item":"https:\/\/www.mapesteadoree.fr\/boutique\/"},{"@type":"ListItem","position":2,"name":"Boutique de bijoux uniques en pierres naturelles","item":"https:\/\/www.mapesteadoree.fr\/boutique\/"},{"@type":"ListItem","position":3,"name":"M\u00e9daille grav\u00e9e Suppl\u00e9mentaire"}]},{"@type":"WebSite","@id":"https:\/\/www.mapesteadoree.fr\/boutique\/#website","url":"https:\/\/www.mapesteadoree.fr\/boutique\/","name":"Ma Peste Ador\u00e9e","description":"","publisher":{"@id":"https:\/\/www.mapesteadoree.fr\/boutique\/#organization"},"potentialAction":[{"@type":"SearchAction","target":{"@type":"EntryPoint","urlTemplate":"https:\/\/www.mapesteadoree.fr\/boutique\/?s={search_term_string}"},"query-input":{"@type":"PropertyValueSpecification","valueRequired":true,"valueName":"search_term_string"}}],"inLanguage":"fr-FR"},{"@type":"Organization","@id":"https:\/\/www.mapesteadoree.fr\/boutique\/#organization","name":"Ma Peste Ador\u00e9e","url":"https:\/\/www.mapesteadoree.fr\/boutique\/","logo":{"@type":"ImageObject","inLanguage":"fr-FR","@id":"https:\/\/www.mapesteadoree.fr\/boutique\/#\/schema\/logo\/image\/","url":"https:\/\/www.mapesteadoree.fr\/boutique\/wp-content\/uploads\/2024\/10\/cropped-logo-mpa-2024.png","contentUrl":"https:\/\/www.mapesteadoree.fr\/boutique\/wp-content\/uploads\/2024\/10\/cropped-logo-mpa-2024.png","width":470,"height":110,"caption":"Ma Peste Ador\u00e9e"},"image":{"@id":"https:\/\/www.mapesteadoree.fr\/boutique\/#\/schema\/logo\/image\/"}}]}},"wcpa_form_fields":{"wcpaData":{"product":{"product_price":3,"price_html":"<span class=\"woocommerce-Price-amount amount\"><bdi>3,00&nbsp;<span class=\"woocommerce-Price-currencySymbol\">&euro;<\/span><\/bdi><\/span>","original_product_price":3,"price_including_tax":3,"price_excluding_tax":3,"product_id":{"parent":32678,"variation":false},"is_variable":false,"stock_status":"instock","stock_quantity":null,"parent_sku":"","product_attributes":[],"custom_fields":[],"is_taxable":false,"product_name":"M\u00e9daille grav\u00e9e Suppl\u00e9mentaire","hasImage":false},"fields":{"sec_6673f8f7877cc1":{"extra":{"key":"sec_6673f8f7877cc1","section_id":"sec_6673f8f7877cc1","name":"Default","status":1,"cl_rule":"show","enableCl":false,"relations":[],"toggle":true,"title_tag":"h3","show_title":false,"showPrice":"default","form_id":47380,"form_rules":{"exclude_from_discount":false,"fee_label":"Fee","disp_hide_options_price":false,"disp_show_section_price":false,"disp_show_field_price":true,"layout_option":"standard","pric_use_as_fee":false,"process_fee_as":"woo_fee"},"layout_option":"standard"},"fields":[[{"active":true,"col":6,"relations":false,"cl_rule":"show","enableCl":false,"price":"","enablePrice":true,"className":"","label_position":"default","desc_position":"default","type":"select","required":false,"elementId":"select_2187528791","label":"Type de m\u00e9daille choisie","name":"select_2187528791","values":[{"label":"Acier inox (couleur argent)","value":"Option - 1","selected":false,"tempId":"aco_310","price":"0","gt_translate_keys":["label"]},{"label":"Acier inox dor\u00e9","value":"Option - 2","selected":false,"tempId":"aco_311","price":"1","gt_translate_keys":["label"]},{"label":"Argent 925","value":"Option - 3","selected":false,"tempId":"aco_312","price":"9","gt_translate_keys":["label"]}],"dropdown_type":"basic","error":false,"priceOptions":"different_for_all","pricingType":"fixed","isWeightTemplate":false,"isTemplate":false,"min_quantity":"1","quantity_decimal":false,"quantity_step":"1","quantity_label":"Quantity","repeater_field_label":"{field_label}","repeater_bind":"","gt_translate_keys":["label","repeater_field_label","quantity_label"],"price_dependency":false,"cl_dependency":false,"value":""}],[{"type":"image-group","required":true,"label":"Police au choix","elementId":"wcpa-image-group-61e56baed25ac","inline":true,"priceOptions":"different_for_all","pricingType":"fixed","enable_popup":"no","name":"image-group-61e56baed25ba","min_options":"1","max_options":"1","disp_type":"square","img_selection_type":"tick-shadow","other_text":"Other","cl_rule":"show","col":6,"values":[{"label":"Karine","price":"","image":"https:\/\/www.mapesteadoree.fr\/boutique\/wp-content\/uploads\/2022\/01\/278.jpg","image_id":"47356","thumb":"https:\/\/www.mapesteadoree.fr\/boutique\/wp-content\/uploads\/2022\/01\/278-150x55.jpg","value":"0","thumb_src":"https:\/\/www.mapesteadoree.fr\/boutique\/wp-content\/uploads\/2022\/01\/278.jpg","gt_translate_keys":["label"]},{"label":"Cl\u00e9a","price":"","image":"https:\/\/www.mapesteadoree.fr\/boutique\/wp-content\/uploads\/2022\/01\/277.jpg","image_id":"47355","thumb":"https:\/\/www.mapesteadoree.fr\/boutique\/wp-content\/uploads\/2022\/01\/277-150x55.jpg","selected":true,"value":"1","thumb_src":"https:\/\/www.mapesteadoree.fr\/boutique\/wp-content\/uploads\/2022\/01\/277.jpg","gt_translate_keys":["label"]},{"label":"Aroa","price":"","image":"https:\/\/www.mapesteadoree.fr\/boutique\/wp-content\/uploads\/2022\/01\/276.jpg","image_id":"47354","thumb":"https:\/\/www.mapesteadoree.fr\/boutique\/wp-content\/uploads\/2022\/01\/276-150x55.jpg","value":"2","thumb_src":"https:\/\/www.mapesteadoree.fr\/boutique\/wp-content\/uploads\/2022\/01\/276.jpg","gt_translate_keys":["label"]},{"label":"Leah","price":"","image":"https:\/\/www.mapesteadoree.fr\/boutique\/wp-content\/uploads\/2022\/01\/275.jpg","image_id":"47353","thumb":"https:\/\/www.mapesteadoree.fr\/boutique\/wp-content\/uploads\/2022\/01\/275-150x55.jpg","value":"3","thumb_src":"https:\/\/www.mapesteadoree.fr\/boutique\/wp-content\/uploads\/2022\/01\/275.jpg","gt_translate_keys":["label"]},{"label":"Sara","price":"","image":"https:\/\/www.mapesteadoree.fr\/boutique\/wp-content\/uploads\/2022\/01\/274.jpg","image_id":"47352","thumb":"https:\/\/www.mapesteadoree.fr\/boutique\/wp-content\/uploads\/2022\/01\/274-150x55.jpg","value":"4","thumb_src":"https:\/\/www.mapesteadoree.fr\/boutique\/wp-content\/uploads\/2022\/01\/274.jpg","gt_translate_keys":["label"]}],"relations":[{"operator":false,"rules":[{"operator":false,"rules":{"cl_field":"0","cl_relation":"is","cl_val":false}}]}],"active":true,"tooltip":"","layOut":"inline","disp_size_img":{"width":"","height":""},"gt_translate_keys":["label","tooltip"],"price_dependency":false,"cl_dependency":false,"value":""}],[{"type":"text","required":true,"elementId":"wcpa-text-61e56baed25df","label":"Texte \u00e0 graver au Recto","pricingType":"fixed","name":"text-61e56baed25ea","subtype":"text","minlength":"1","maxlength":"20","mapToCheckoutFieldParent":"billing","mapToCheckoutField":"billing_first_name","cl_rule":"show","col":6,"relations":[{"operator":false,"rules":[{"operator":false,"rules":{"cl_field":"0","cl_relation":"is","cl_val":false}}]}],"active":true,"tooltip":"","gt_translate_keys":["label","tooltip"],"price_dependency":false,"cl_dependency":["wcpa-text-61e56baed2609"],"value":""}],[{"type":"text","elementId":"wcpa-text-61e56baed2609","label":"Texte \u00e0 graver au Verso","pricingType":"fixed","name":"text-61e56baed2613","subtype":"text","minlength":"1","maxlength":"20","mapToCheckoutFieldParent":"billing","mapToCheckoutField":"billing_first_name","enableCl":true,"cl_rule":"show","col":6,"relations":[{"operator":false,"rules":[{"operator":false,"rules":{"cl_field":"wcpa-text-61e56baed25df","cl_relation":"is_not_empty","cl_val":false}}]}],"active":true,"tooltip":"","gt_translate_keys":["label","tooltip"],"price_dependency":false,"cl_dependency":false,"value":""}],[{"type":"textarea","elementId":"wcpa-textarea-1642425364757","label":"Commentaire","pricingType":"fixed","name":"textarea-1642425364757","maxlength":"100","mapToCheckoutFieldParent":"billing","mapToCheckoutField":"billing_first_name","cl_rule":"show","col":6,"relations":false,"active":true,"tooltip":"","error":false,"gt_translate_keys":["label","tooltip"],"price_dependency":false,"cl_dependency":false,"value":""}]]}},"config":{"price_override":"","enable_recaptcha":false,"bind_quantity":false,"quantity_bind_formula":false,"disp_summ_show_option_price":true,"disp_summ_show_product_price":true,"disp_summ_show_total_price":true,"disp_summ_show_fee":false,"disp_summ_show_discount":false,"summary_title":"","options_total_label":"Prix des options","total_label":"Total","options_product_label":"Prix du bijou","fee_label":"Fee","discount_label":"Discount","has_price":true,"has_quantity_formula":false},"mc_unit":1,"tax_rate":1,"tax_rate_real":1,"discount":{"percentage":0,"fixed":0},"design":{"conf":{"LabelPosition":"above","DescPosition":"above","UploadField":"custom_1","QuantityFieldStyle":"default"},"css":{"LeftLabelWidth":"120px"}},"formulas":[],"lookuptables":[],"clones":false,"cartKey":false}},"_links":{"self":[{"href":"https:\/\/www.mapesteadoree.fr\/boutique\/wp-json\/wp\/v2\/product\/32678","targetHints":{"allow":["GET"]}}],"collection":[{"href":"https:\/\/www.mapesteadoree.fr\/boutique\/wp-json\/wp\/v2\/product"}],"about":[{"href":"https:\/\/www.mapesteadoree.fr\/boutique\/wp-json\/wp\/v2\/types\/product"}],"replies":[{"embeddable":true,"href":"https:\/\/www.mapesteadoree.fr\/boutique\/wp-json\/wp\/v2\/comments?post=32678"}],"wp:featuredmedia":[{"embeddable":true,"href":"https:\/\/www.mapesteadoree.fr\/boutique\/wp-json\/wp\/v2\/media\/55000"}],"wp:attachment":[{"href":"https:\/\/www.mapesteadoree.fr\/boutique\/wp-json\/wp\/v2\/media?parent=32678"}],"wp:term":[{"taxonomy":"product_brand","embeddable":true,"href":"https:\/\/www.mapesteadoree.fr\/boutique\/wp-json\/wp\/v2\/product_brand?post=32678"},{"taxonomy":"product_cat","embeddable":true,"href":"https:\/\/www.mapesteadoree.fr\/boutique\/wp-json\/wp\/v2\/product_cat?post=32678"},{"taxonomy":"product_tag","embeddable":true,"href":"https:\/\/www.mapesteadoree.fr\/boutique\/wp-json\/wp\/v2\/product_tag?post=32678"}],"curies":[{"name":"wp","href":"https:\/\/api.w.org\/{rel}","templated":true}]}}